Last updated on 2018-06-20 01:50:17 CEST.
Flavor | Version | Tinstall | Tcheck | Ttotal | Status | Flags |
---|---|---|---|---|---|---|
r-devel-linux-x86_64-debian-clang | 0.1.0 | 1.11 | 17.79 | 18.90 | OK | |
r-devel-linux-x86_64-debian-gcc | 0.1.0 | 0.88 | 14.06 | 14.94 | OK | |
r-devel-linux-x86_64-fedora-clang | 0.1.0 | 21.85 | OK | |||
r-devel-linux-x86_64-fedora-gcc | 0.1.0 | 20.61 | OK | |||
r-devel-windows-ix86+x86_64 | 0.1.0 | 4.00 | 27.00 | 31.00 | OK | |
r-patched-linux-x86_64 | 0.1.0 | 0.96 | 16.93 | 17.89 | NOTE | |
r-patched-solaris-x86 | 0.1.0 | 32.90 | OK | |||
r-release-linux-x86_64 | 0.1.0 | 0.71 | 16.55 | 17.26 | NOTE | |
r-release-windows-ix86+x86_64 | 0.1.0 | 2.00 | 37.00 | 39.00 | OK | |
r-release-osx-x86_64 | 0.1.0 | OK | ||||
r-oldrel-windows-ix86+x86_64 | 0.1.0 | 3.00 | 26.00 | 29.00 | OK | |
r-oldrel-osx-x86_64 | 0.1.0 | OK |
Version: 0.1.0
Check: DESCRIPTION meta-information
Result: NOTE
Dependence on R version ‘3.3.1’ not with patchlevel 0
Flavors: r-patched-linux-x86_64, r-release-linux-x86_64