Last updated on 2018-06-20 01:50:17 CEST.
Flavor | Version | Tinstall | Tcheck | Ttotal | Status | Flags |
---|---|---|---|---|---|---|
r-devel-linux-x86_64-debian-clang | 1.3 | 251.87 | 66.61 | 318.48 | NOTE | |
r-devel-linux-x86_64-debian-gcc | 1.3 | 206.15 | 52.65 | 258.80 | NOTE | |
r-devel-linux-x86_64-fedora-clang | 1.3 | 424.92 | NOTE | |||
r-devel-linux-x86_64-fedora-gcc | 1.3 | 382.53 | NOTE | |||
r-devel-windows-ix86+x86_64 | 1.3 | 608.00 | 111.00 | 719.00 | NOTE | |
r-patched-linux-x86_64 | 1.3 | 263.95 | 55.75 | 319.70 | NOTE | |
r-patched-solaris-x86 | 1.3 | 346.00 | OK | |||
r-release-linux-x86_64 | 1.3 | 261.14 | 55.33 | 316.47 | NOTE | |
r-release-windows-ix86+x86_64 | 1.3 | 424.00 | 127.00 | 551.00 | NOTE | |
r-release-osx-x86_64 | 1.3 | NOTE | ||||
r-oldrel-windows-ix86+x86_64 | 1.3 | 472.00 | 99.00 | 571.00 | NOTE | |
r-oldrel-osx-x86_64 | 1.3 | NOTE |
Version: 1.3
Check: compiled code
Result: NOTE
File ‘iBATCGH/libs/iBATCGH.so’:
Found no calls to: ‘R_registerRoutines’, ‘R_useDynamicSymbols’
It is good practice to register native routines and to disable symbol
search.
See ‘Writing portable packages’ in the ‘Writing R Extensions’ manual.
Flavors: r-devel-linux-x86_64-debian-clang, r-devel-linux-x86_64-debian-gcc, r-devel-linux-x86_64-fedora-clang, r-devel-linux-x86_64-fedora-gcc, r-patched-linux-x86_64, r-release-linux-x86_64
Version: 1.3
Check: installed package size
Result: NOTE
installed size is 8.3Mb
sub-directories of 1Mb or more:
data 3.0Mb
libs 5.2Mb
Flavors: r-devel-linux-x86_64-fedora-clang, r-devel-windows-ix86+x86_64, r-release-windows-ix86+x86_64, r-release-osx-x86_64, r-oldrel-windows-ix86+x86_64, r-oldrel-osx-x86_64