CRAN Package Check Results for Package iMediate

Last updated on 2018-06-20 01:50:18 CEST.

Flavor Version Tinstall Tcheck Ttotal Status Flags
r-devel-linux-x86_64-debian-clang 0.4 3.26 56.34 59.60 OK
r-devel-linux-x86_64-debian-gcc 0.4 2.03 43.26 45.29 OK
r-devel-linux-x86_64-fedora-clang 0.4 66.74 NOTE
r-devel-linux-x86_64-fedora-gcc 0.4 64.86 NOTE
r-devel-windows-ix86+x86_64 0.4 15.00 70.00 85.00 OK
r-patched-linux-x86_64 0.4 3.61 51.95 55.56 OK
r-patched-solaris-x86 0.4 90.60 NOTE
r-release-linux-x86_64 0.4 3.61 50.43 54.04 OK
r-release-windows-ix86+x86_64 0.4 9.00 94.00 103.00 OK
r-release-osx-x86_64 0.4 NOTE
r-oldrel-windows-ix86+x86_64 0.4 9.00 65.00 74.00 OK
r-oldrel-osx-x86_64 0.4 NOTE

Check Details

Version: 0.4
Check: dependencies in R code
Result: NOTE
    Namespace in Imports field not imported from: ‘mediation’
     All declared Imports should be used.
Flavors: r-devel-linux-x86_64-fedora-clang, r-devel-linux-x86_64-fedora-gcc, r-patched-solaris-x86, r-release-osx-x86_64, r-oldrel-osx-x86_64