CRAN Package Check Results for Package icd

Last updated on 2018-06-20 01:50:18 CEST.

Flavor Version Tinstall Tcheck Ttotal Status Flags
r-devel-linux-x86_64-debian-clang 3.2.0 261.87 175.59 437.46 OK
r-devel-linux-x86_64-debian-gcc 3.2.0 210.58 139.23 349.81 OK
r-devel-linux-x86_64-fedora-clang 3.2.0 619.01 NOTE
r-devel-linux-x86_64-fedora-gcc 3.2.0 567.24 OK
r-devel-windows-ix86+x86_64 3.2.0 715.00 361.00 1076.00 NOTE
r-patched-linux-x86_64 3.2.0 264.56 166.35 430.91 OK
r-patched-solaris-x86 3.2.0 581.70 NOTE
r-release-linux-x86_64 3.2.0 254.99 167.40 422.39 OK
r-release-windows-ix86+x86_64 3.2.0 528.00 350.00 878.00 NOTE
r-release-osx-x86_64 3.2.0 NOTE
r-oldrel-windows-ix86+x86_64 3.2.0 697.00 289.00 986.00 NOTE
r-oldrel-osx-x86_64 3.1.2 NOTE

Check Details

Version: 3.2.0
Check: installed package size
Result: NOTE
     installed size is 34.8Mb
     sub-directories of 1Mb or more:
     R 14.5Mb
     doc 5.9Mb
     libs 13.5Mb
Flavors: r-devel-linux-x86_64-fedora-clang, r-devel-windows-ix86+x86_64, r-patched-solaris-x86, r-release-windows-ix86+x86_64, r-release-osx-x86_64, r-oldrel-windows-ix86+x86_64

Version: 3.1.2
Check: installed package size
Result: NOTE
     installed size is 19.2Mb
     sub-directories of 1Mb or more:
     R 1.5Mb
     data 1.4Mb
     doc 5.1Mb
     libs 10.6Mb
Flavor: r-oldrel-osx-x86_64

Version: 3.1.2
Check: data for non-ASCII characters
Result: NOTE
     Note: found 55 marked UTF-8 strings
Flavor: r-oldrel-osx-x86_64