CRAN Package Check Results for Package iemisc

Last updated on 2018-06-20 01:50:18 CEST.

Flavor Version Tinstall Tcheck Ttotal Status Flags
r-devel-linux-x86_64-debian-clang 0.9.7 8.71 72.05 80.76 NOTE
r-devel-linux-x86_64-debian-gcc 0.9.7 8.19 58.36 66.55 NOTE
r-devel-linux-x86_64-fedora-clang 0.9.7 95.85 OK
r-devel-linux-x86_64-fedora-gcc 0.9.7 91.84 OK
r-devel-windows-ix86+x86_64 0.9.7 23.00 114.00 137.00 OK
r-patched-linux-x86_64 0.9.7 8.10 64.79 72.89 NOTE
r-patched-solaris-x86 0.9.7 132.30 OK
r-release-linux-x86_64 0.9.7 6.47 63.66 70.13 NOTE
r-release-windows-ix86+x86_64 0.9.7 17.00 108.00 125.00 OK
r-release-osx-x86_64 0.9.7 OK
r-oldrel-windows-ix86+x86_64 0.9.7 9.00 72.00 81.00 OK
r-oldrel-osx-x86_64 0.9.7 OK

Check Details

Version: 0.9.7
Check: package dependencies
Result: NOTE
    Package suggested but not available for checking: ‘financial’
Flavors: r-devel-linux-x86_64-debian-clang, r-devel-linux-x86_64-debian-gcc, r-patched-linux-x86_64, r-release-linux-x86_64