Last updated on 2018-06-20 01:50:18 CEST.
Flavor | Version | Tinstall | Tcheck | Ttotal | Status | Flags |
---|---|---|---|---|---|---|
r-devel-linux-x86_64-debian-clang | 0.6.1 | 1.40 | 22.72 | 24.12 | NOTE | |
r-devel-linux-x86_64-debian-gcc | 0.6.1 | 1.06 | 17.90 | 18.96 | NOTE | |
r-devel-linux-x86_64-fedora-clang | 0.6.1 | 29.02 | NOTE | |||
r-devel-linux-x86_64-fedora-gcc | 0.6.1 | 27.07 | NOTE | |||
r-devel-windows-ix86+x86_64 | 0.6.1 | 7.00 | 48.00 | 55.00 | NOTE | |
r-patched-linux-x86_64 | 0.6.1 | 0.84 | 21.61 | 22.45 | NOTE | |
r-patched-solaris-x86 | 0.6.1 | 40.30 | NOTE | |||
r-release-linux-x86_64 | 0.6.1 | 1.06 | 21.42 | 22.48 | NOTE | |
r-release-windows-ix86+x86_64 | 0.6.1 | 4.00 | 47.00 | 51.00 | NOTE | |
r-release-osx-x86_64 | 0.6.1 | NOTE | ||||
r-oldrel-windows-ix86+x86_64 | 0.6.1 | 6.00 | 36.00 | 42.00 | OK | |
r-oldrel-osx-x86_64 | 0.6.1 | NOTE |
Version: 0.6.1
Check: package dependencies
Result: NOTE
Package suggested but not available for checking: ‘ie2miscdata’
Flavors: r-devel-linux-x86_64-debian-clang, r-devel-linux-x86_64-debian-gcc, r-devel-linux-x86_64-fedora-clang, r-devel-linux-x86_64-fedora-gcc, r-devel-windows-ix86+x86_64, r-patched-linux-x86_64, r-patched-solaris-x86, r-release-linux-x86_64, r-release-windows-ix86+x86_64, r-release-osx-x86_64
Version: 0.6.1
Check: data for non-ASCII characters
Result: NOTE
Note: found 1 marked UTF-8 string
Flavors: r-devel-linux-x86_64-fedora-clang, r-devel-linux-x86_64-fedora-gcc, r-patched-solaris-x86, r-release-osx-x86_64, r-oldrel-osx-x86_64