Last updated on 2018-06-20 01:50:18 CEST.
Flavor | Version | Tinstall | Tcheck | Ttotal | Status | Flags |
---|---|---|---|---|---|---|
r-devel-linux-x86_64-debian-clang | 0.6.4 | 22.40 | 29.18 | 51.58 | NOTE | |
r-devel-linux-x86_64-debian-gcc | 0.6.4 | 18.67 | 22.75 | 41.42 | NOTE | |
r-devel-linux-x86_64-fedora-clang | 0.6.4 | 65.10 | NOTE | |||
r-devel-linux-x86_64-fedora-gcc | 0.6.4 | 60.97 | NOTE | |||
r-devel-windows-ix86+x86_64 | 0.6.4 | 54.00 | 56.00 | 110.00 | NOTE | |
r-patched-linux-x86_64 | 0.6.4 | 24.08 | 26.15 | 50.23 | NOTE | |
r-patched-solaris-x86 | 0.6.4 | 75.30 | NOTE | |||
r-release-linux-x86_64 | 0.6.4 | 24.71 | 25.76 | 50.47 | NOTE | |
r-release-windows-ix86+x86_64 | 0.6.4 | 38.00 | 72.00 | 110.00 | NOTE | |
r-release-osx-x86_64 | 0.6.4 | NOTE | ||||
r-oldrel-windows-ix86+x86_64 | 0.6.4 | 53.00 | 51.00 | 104.00 | NOTE | |
r-oldrel-osx-x86_64 | 0.6.4 | NOTE |
Version: 0.6.4
Check: dependencies in R code
Result: NOTE
There are ::: calls to the package's namespace in its code. A package
almost never needs to use ::: for its own objects:
‘count_compare’
Flavors: r-devel-linux-x86_64-debian-clang, r-devel-linux-x86_64-debian-gcc, r-devel-windows-ix86+x86_64, r-patched-linux-x86_64, r-release-linux-x86_64, r-release-windows-ix86+x86_64, r-oldrel-windows-ix86+x86_64
Version: 0.6.4
Check: compiled code
Result: NOTE
File ‘imputeMulti/libs/imputeMulti.so’:
Found no calls to: ‘R_registerRoutines’, ‘R_useDynamicSymbols’
It is good practice to register native routines and to disable symbol
search.
See ‘Writing portable packages’ in the ‘Writing R Extensions’ manual.
Flavors: r-devel-linux-x86_64-debian-clang, r-devel-linux-x86_64-debian-gcc, r-devel-linux-x86_64-fedora-clang, r-devel-linux-x86_64-fedora-gcc, r-patched-linux-x86_64, r-release-linux-x86_64
Version: 0.6.4
Check: dependencies in R code
Result: NOTE
Namespace in Imports field not imported from: ‘DBI’
All declared Imports should be used.
There are ::: calls to the package's namespace in its code. A package
almost never needs to use ::: for its own objects:
‘count_compare’
Flavors: r-devel-linux-x86_64-fedora-clang, r-devel-linux-x86_64-fedora-gcc, r-patched-solaris-x86, r-release-osx-x86_64, r-oldrel-osx-x86_64