Last updated on 2018-06-20 01:50:18 CEST.
Flavor | Version | Tinstall | Tcheck | Ttotal | Status | Flags |
---|---|---|---|---|---|---|
r-devel-linux-x86_64-debian-clang | 0.15.1 | 8.52 | 45.60 | 54.12 | NOTE | |
r-devel-linux-x86_64-debian-gcc | 0.15.1 | 5.48 | 35.59 | 41.07 | NOTE | |
r-devel-linux-x86_64-fedora-clang | 0.15.1 | 65.77 | NOTE | |||
r-devel-linux-x86_64-fedora-gcc | 0.15.1 | 59.67 | NOTE | |||
r-devel-windows-ix86+x86_64 | 0.15.1 | 26.00 | 79.00 | 105.00 | OK | |
r-patched-linux-x86_64 | 0.15.1 | 6.85 | 39.51 | 46.36 | NOTE | |
r-patched-solaris-x86 | 0.15.1 | 78.90 | OK | |||
r-release-linux-x86_64 | 0.15.1 | 7.12 | 39.02 | 46.14 | NOTE | |
r-release-windows-ix86+x86_64 | 0.15.1 | 28.00 | 78.00 | 106.00 | OK | |
r-release-osx-x86_64 | 0.15.1 | OK | ||||
r-oldrel-windows-ix86+x86_64 | 0.15.1 | 17.00 | 69.00 | 86.00 | OK | |
r-oldrel-osx-x86_64 | 0.15.1 | OK |
Version: 0.15.1
Check: compiled code
Result: NOTE
File ‘intervals/libs/intervals.so’:
Found no calls to: ‘R_registerRoutines’, ‘R_useDynamicSymbols’
It is good practice to register native routines and to disable symbol
search.
See ‘Writing portable packages’ in the ‘Writing R Extensions’ manual.
Flavors: r-devel-linux-x86_64-debian-clang, r-devel-linux-x86_64-debian-gcc, r-devel-linux-x86_64-fedora-clang, r-devel-linux-x86_64-fedora-gcc, r-patched-linux-x86_64, r-release-linux-x86_64