Last updated on 2018-06-20 01:50:18 CEST.
Flavor | Version | Tinstall | Tcheck | Ttotal | Status | Flags |
---|---|---|---|---|---|---|
r-devel-linux-x86_64-debian-clang | 0.4.0 | 26.58 | 31.77 | 58.35 | NOTE | |
r-devel-linux-x86_64-debian-gcc | 0.4.0 | 22.19 | 24.59 | 46.78 | NOTE | |
r-devel-linux-x86_64-fedora-clang | 0.4.0 | 77.22 | NOTE | |||
r-devel-linux-x86_64-fedora-gcc | 0.4.0 | 71.42 | NOTE | |||
r-devel-windows-ix86+x86_64 | 0.4.0 | 80.00 | 90.00 | 170.00 | NOTE | |
r-patched-linux-x86_64 | 0.4.0 | 29.40 | 29.30 | 58.70 | NOTE | |
r-release-linux-x86_64 | 0.4.0 | 27.51 | 28.44 | 55.95 | NOTE | |
r-release-windows-ix86+x86_64 | 0.4.0 | 57.00 | 84.00 | 141.00 | NOTE | |
r-release-osx-x86_64 | 0.4.0 | NOTE | ||||
r-oldrel-windows-ix86+x86_64 | 0.4.0 | 81.00 | 63.00 | 144.00 | OK | |
r-oldrel-osx-x86_64 | 0.4.0 | NOTE |
Version: 0.4.0
Check: pragmas in C/C++ headers and code
Result: NOTE
Files which contain pragma(s) suppressing diagnostics:
‘src/asio_bindings.cpp’ ‘src/asio_bindings.h’ ‘src/iptools.cpp’
Flavors: r-devel-linux-x86_64-debian-clang, r-devel-linux-x86_64-debian-gcc, r-devel-linux-x86_64-fedora-clang, r-devel-linux-x86_64-fedora-gcc, r-devel-windows-ix86+x86_64, r-patched-linux-x86_64, r-release-linux-x86_64, r-release-windows-ix86+x86_64
Version: 0.4.0
Check: compiled code
Result: NOTE
File ‘iptools/libs/iptools.so’:
Found no calls to: ‘R_registerRoutines’, ‘R_useDynamicSymbols’
It is good practice to register native routines and to disable symbol
search.
See ‘Writing portable packages’ in the ‘Writing R Extensions’ manual.
Flavors: r-devel-linux-x86_64-debian-clang, r-devel-linux-x86_64-debian-gcc, r-devel-linux-x86_64-fedora-clang, r-devel-linux-x86_64-fedora-gcc, r-patched-linux-x86_64, r-release-linux-x86_64
Version: 0.4.0
Check: data for non-ASCII characters
Result: NOTE
Note: found 12 marked UTF-8 strings
Flavors: r-devel-linux-x86_64-fedora-clang, r-devel-linux-x86_64-fedora-gcc, r-release-osx-x86_64, r-oldrel-osx-x86_64