Last updated on 2018-06-20 01:50:18 CEST.
Flavor | Version | Tinstall | Tcheck | Ttotal | Status | Flags |
---|---|---|---|---|---|---|
r-devel-linux-x86_64-debian-clang | 1.1 | 0.97 | 18.14 | 19.11 | OK | |
r-devel-linux-x86_64-debian-gcc | 1.1 | 0.66 | 14.29 | 14.95 | OK | |
r-devel-linux-x86_64-fedora-clang | 1.1 | 22.17 | NOTE | |||
r-devel-linux-x86_64-fedora-gcc | 1.1 | 21.25 | NOTE | |||
r-devel-windows-ix86+x86_64 | 1.1 | 3.00 | 28.00 | 31.00 | OK | |
r-patched-linux-x86_64 | 1.1 | 0.96 | 17.24 | 18.20 | OK | |
r-patched-solaris-x86 | 1.1 | 34.10 | NOTE | |||
r-release-linux-x86_64 | 1.1 | 0.85 | 16.86 | 17.71 | OK | |
r-release-windows-ix86+x86_64 | 1.1 | 4.00 | 44.00 | 48.00 | OK | |
r-release-osx-x86_64 | 1.1 | NOTE | ||||
r-oldrel-windows-ix86+x86_64 | 1.1 | 4.00 | 34.00 | 38.00 | OK | |
r-oldrel-osx-x86_64 | 1.1 | NOTE |
Version: 1.1
Check: dependencies in R code
Result: NOTE
Namespace in Imports field not imported from: ‘methods’
All declared Imports should be used.
Flavors: r-devel-linux-x86_64-fedora-clang, r-devel-linux-x86_64-fedora-gcc, r-patched-solaris-x86, r-release-osx-x86_64, r-oldrel-osx-x86_64