Last updated on 2018-06-20 01:50:18 CEST.
Flavor | Version | Tinstall | Tcheck | Ttotal | Status | Flags |
---|---|---|---|---|---|---|
r-devel-linux-x86_64-debian-clang | 0.1.8.0 | 85.18 | 31.03 | 116.21 | OK | |
r-devel-linux-x86_64-debian-gcc | 0.1.8.0 | 66.90 | 38.56 | 105.46 | OK | |
r-devel-linux-x86_64-fedora-clang | 0.1.8.0 | 164.06 | NOTE | |||
r-devel-linux-x86_64-fedora-gcc | 0.1.8.0 | 149.11 | OK | |||
r-devel-windows-ix86+x86_64 | 0.1.8.0 | 234.00 | 65.00 | 299.00 | OK | |
r-patched-linux-x86_64 | 0.1.8.0 | 84.87 | 42.75 | 127.62 | OK | |
r-patched-solaris-x86 | 0.1.8.0 | 145.40 | OK | |||
r-release-linux-x86_64 | 0.1.8.0 | 86.00 | 41.16 | 127.16 | OK | |
r-release-windows-ix86+x86_64 | 0.1.8.0 | 157.00 | 84.00 | 241.00 | OK | |
r-release-osx-x86_64 | 0.1.8.0 | OK | ||||
r-oldrel-windows-ix86+x86_64 | 0.1.8.0 | 227.00 | 63.00 | 290.00 | OK | |
r-oldrel-osx-x86_64 | 0.1.8.0 | OK |
Version: 0.1.8.0
Check: installed package size
Result: NOTE
installed size is 5.7Mb
sub-directories of 1Mb or more:
libs 5.4Mb
Flavor: r-devel-linux-x86_64-fedora-clang