Last updated on 2018-06-20 01:50:18 CEST.
Flavor | Version | Tinstall | Tcheck | Ttotal | Status | Flags |
---|---|---|---|---|---|---|
r-devel-linux-x86_64-debian-clang | 0.9.1 | 13.19 | 25.89 | 39.08 | OK | |
r-devel-linux-x86_64-debian-gcc | 0.9.1 | 11.15 | 20.52 | 31.67 | OK | |
r-devel-linux-x86_64-fedora-clang | 0.9.1 | 66.71 | OK | |||
r-devel-linux-x86_64-fedora-gcc | 0.9.1 | 69.46 | OK | |||
r-devel-windows-ix86+x86_64 | 0.9.1 | 24.00 | 48.00 | 72.00 | OK | |
r-patched-linux-x86_64 | 0.9.1 | 13.16 | 24.40 | 37.56 | OK | |
r-patched-solaris-x86 | 0.9.1 | 63.00 | NOTE | |||
r-release-linux-x86_64 | 0.9.1 | 14.90 | 24.20 | 39.10 | OK | |
r-release-windows-ix86+x86_64 | 0.9.1 | 28.00 | 56.00 | 84.00 | OK | |
r-release-osx-x86_64 | 0.9.1 | OK | ||||
r-oldrel-windows-ix86+x86_64 | 0.9.1 | 25.00 | 36.00 | 61.00 | WARN | |
r-oldrel-osx-x86_64 | 0.8.5 | OK |
Version: 0.9.1
Check: package dependencies
Result: NOTE
Package suggested but not available for checking: ‘RProtoBuf’
Flavor: r-patched-solaris-x86
Version: 0.9.1
Check: whether package can be installed
Result: WARN
Found the following significant warnings:
Warning: S3 methods '.DollarNames.Message', '.DollarNames.Descriptor', '.DollarNames.EnumDescriptor', '.DollarNames.EnumValueDescriptor', '.DollarNames.FileDescriptor', '.DollarNames.FieldDescriptor', '.DollarNames.ServiceDescriptor', '.DollarNames.MethodDescriptor', '.DollarNames.ZeroCopyInputStream', '.DollarNames.ZeroCopyOutputStream', 'with.Message', 'within.Message', 'as.list.Message', 'as.list.Descriptor', 'as.list.EnumDescriptor', 'as.list.FileDescriptor', 'as.list.ServiceDescriptor' were declared in NAMESPACE but not found
Flavor: r-oldrel-windows-ix86+x86_64