Last updated on 2018-06-20 01:50:18 CEST.
Flavor | Version | Tinstall | Tcheck | Ttotal | Status | Flags |
---|---|---|---|---|---|---|
r-devel-linux-x86_64-debian-clang | 0.4.2 | 78.91 | 232.31 | 311.22 | OK | |
r-devel-linux-x86_64-debian-gcc | 0.4.2 | 68.71 | 479.86 | 548.57 | OK | |
r-devel-linux-x86_64-fedora-clang | 0.4.2 | 394.90 | NOTE | |||
r-devel-linux-x86_64-fedora-gcc | 0.4.2 | 379.36 | OK | |||
r-devel-windows-ix86+x86_64 | 0.4.2 | 201.00 | 448.00 | 649.00 | OK | |
r-patched-linux-x86_64 | 0.4.2 | 87.00 | 456.46 | 543.46 | OK | |
r-patched-solaris-x86 | 0.4.2 | 618.30 | OK | |||
r-release-linux-x86_64 | 0.4.2 | 91.52 | 515.83 | 607.35 | OK | |
r-release-windows-ix86+x86_64 | 0.4.2 | 136.00 | 427.00 | 563.00 | OK | |
r-release-osx-x86_64 | 0.4.2 | NOTE | ||||
r-oldrel-windows-ix86+x86_64 | 0.4.2 | 150.00 | 337.00 | 487.00 | OK | |
r-oldrel-osx-x86_64 | 0.4.2 | NOTE |
Version: 0.4.2
Check: installed package size
Result: NOTE
installed size is 6.2Mb
sub-directories of 1Mb or more:
data 1.3Mb
libs 3.7Mb
Flavors: r-devel-linux-x86_64-fedora-clang, r-release-osx-x86_64, r-oldrel-osx-x86_64