Last updated on 2018-06-20 01:50:19 CEST.
Flavor | Version | Tinstall | Tcheck | Ttotal | Status | Flags |
---|---|---|---|---|---|---|
r-devel-linux-x86_64-debian-clang | 0.9.2 | 3.21 | 110.61 | 113.82 | OK | |
r-devel-linux-x86_64-debian-gcc | 0.9.2 | 2.60 | 78.14 | 80.74 | OK | |
r-devel-linux-x86_64-fedora-clang | 0.9.2 | 124.79 | NOTE | |||
r-devel-linux-x86_64-fedora-gcc | 0.9.2 | 121.25 | NOTE | |||
r-devel-windows-ix86+x86_64 | 0.9.2 | 9.00 | 147.00 | 156.00 | OK | |
r-patched-linux-x86_64 | 0.9.2 | 3.14 | 106.25 | 109.39 | OK | |
r-patched-solaris-x86 | 0.9.2 | 158.20 | NOTE | |||
r-release-linux-x86_64 | 0.9.2 | 2.62 | 104.25 | 106.87 | OK | |
r-release-windows-ix86+x86_64 | 0.9.2 | 5.00 | 150.00 | 155.00 | OK | |
r-release-osx-x86_64 | 0.9.2 | NOTE | ||||
r-oldrel-windows-ix86+x86_64 | 0.9.2 | 4.00 | 130.00 | 134.00 | OK |
Version: 0.9.2
Check: dependencies in R code
Result: NOTE
Namespaces in Imports field not imported from:
‘nleqslv’ ‘tidyr’
All declared Imports should be used.
Flavors: r-devel-linux-x86_64-fedora-clang, r-devel-linux-x86_64-fedora-gcc, r-patched-solaris-x86, r-release-osx-x86_64