CRAN Package Check Results for Package linprog

Last updated on 2018-06-20 01:50:19 CEST.

Flavor Version Tinstall Tcheck Ttotal Status Flags
r-devel-linux-x86_64-debian-clang 0.9-2 1.74 22.90 24.64 NOTE
r-devel-linux-x86_64-debian-gcc 0.9-2 1.70 17.70 19.40 NOTE
r-devel-linux-x86_64-fedora-clang 0.9-2 29.02 NOTE
r-devel-linux-x86_64-fedora-gcc 0.9-2 27.37 NOTE
r-devel-windows-ix86+x86_64 0.9-2 5.00 31.00 36.00 NOTE
r-patched-linux-x86_64 0.9-2 1.78 21.22 23.00 NOTE
r-patched-solaris-x86 0.9-2 42.30 NOTE
r-release-linux-x86_64 0.9-2 1.51 21.25 22.76 NOTE
r-release-windows-ix86+x86_64 0.9-2 4.00 31.00 35.00 NOTE
r-release-osx-x86_64 0.9-2 NOTE
r-oldrel-windows-ix86+x86_64 0.9-2 2.00 32.00 34.00 NOTE
r-oldrel-osx-x86_64 0.9-2 NOTE

Check Details

Version: 0.9-2
Check: top-level files
Result: NOTE
    Non-standard file/directory found at top level:
     ‘pkg.Rproj’
Flavors: r-devel-linux-x86_64-debian-clang, r-devel-linux-x86_64-debian-gcc, r-devel-linux-x86_64-fedora-clang, r-devel-linux-x86_64-fedora-gcc, r-patched-linux-x86_64, r-release-linux-x86_64

Version: 0.9-2
Check: dependencies in R code
Result: NOTE
    'library' or 'require' call to ‘lpSolve’ which was already attached by Depends.
     Please remove these calls from your code.
    Package in Depends field not imported from: ‘lpSolve’
     These packages need to be imported from (in the NAMESPACE file)
     for when this namespace is loaded but not attached.
Flavors: r-devel-linux-x86_64-debian-clang, r-devel-linux-x86_64-debian-gcc, r-devel-linux-x86_64-fedora-clang, r-devel-linux-x86_64-fedora-gcc, r-devel-windows-ix86+x86_64, r-patched-linux-x86_64, r-patched-solaris-x86, r-release-linux-x86_64, r-release-windows-ix86+x86_64, r-release-osx-x86_64, r-oldrel-windows-ix86+x86_64, r-oldrel-osx-x86_64

Version: 0.9-2
Check: R code for possible problems
Result: NOTE
    solveLP: no visible global function definition for ‘lp’
    Undefined global functions or variables:
     lp
Flavors: r-devel-linux-x86_64-debian-clang, r-devel-linux-x86_64-debian-gcc, r-devel-linux-x86_64-fedora-clang, r-devel-linux-x86_64-fedora-gcc, r-devel-windows-ix86+x86_64, r-patched-linux-x86_64, r-patched-solaris-x86, r-release-linux-x86_64, r-release-windows-ix86+x86_64, r-release-osx-x86_64, r-oldrel-windows-ix86+x86_64, r-oldrel-osx-x86_64