CRAN Package Check Results for Package lwgeom

Last updated on 2018-06-20 01:50:20 CEST.

Flavor Version Tinstall Tcheck Ttotal Status Flags
r-devel-linux-x86_64-debian-clang 0.1-4 68.04 44.41 112.45 OK
r-devel-linux-x86_64-debian-gcc 0.1-4 53.76 38.78 92.54 OK
r-devel-linux-x86_64-fedora-clang 0.1-4 149.83 OK
r-devel-linux-x86_64-fedora-gcc 0.1-4 138.15 OK
r-devel-windows-ix86+x86_64 0.1-4 287.00 109.00 396.00 NOTE
r-patched-linux-x86_64 0.1-4 72.24 39.51 111.75 OK
r-patched-solaris-x86 0.1-4 159.10 OK
r-release-linux-x86_64 0.1-4 67.05 39.32 106.37 OK
r-release-windows-ix86+x86_64 0.1-4 220.00 145.00 365.00 NOTE
r-release-osx-x86_64 0.1-4 NOTE
r-oldrel-windows-ix86+x86_64 0.1-4 289.00 109.00 398.00 NOTE
r-oldrel-osx-x86_64 0.1-4 NOTE

Check Details

Version: 0.1-4
Check: installed package size
Result: NOTE
     installed size is 10.4Mb
     sub-directories of 1Mb or more:
     libs 5.3Mb
     proj 5.0Mb
Flavors: r-devel-windows-ix86+x86_64, r-release-windows-ix86+x86_64, r-release-osx-x86_64, r-oldrel-windows-ix86+x86_64, r-oldrel-osx-x86_64