CRAN Package Check Results for Package mapr

Last updated on 2018-06-20 01:50:20 CEST.

Flavor Version Tinstall Tcheck Ttotal Status Flags
r-devel-linux-x86_64-debian-clang 0.4.0 4.50 75.21 79.71 OK
r-devel-linux-x86_64-debian-gcc 0.4.0 5.18 57.79 62.97 OK
r-devel-linux-x86_64-fedora-clang 0.4.0 94.42 NOTE
r-devel-linux-x86_64-fedora-gcc 0.4.0 88.28 NOTE
r-devel-windows-ix86+x86_64 0.4.0 22.00 131.00 153.00 OK
r-patched-linux-x86_64 0.4.0 4.73 62.70 67.43 OK
r-patched-solaris-x86 0.4.0 122.90 NOTE
r-release-linux-x86_64 0.4.0 4.69 61.50 66.19 OK
r-release-windows-ix86+x86_64 0.4.0 14.00 149.00 163.00 OK
r-release-osx-x86_64 0.4.0 NOTE
r-oldrel-windows-ix86+x86_64 0.4.0 14.00 96.00 110.00 OK
r-oldrel-osx-x86_64 0.4.0 NOTE

Check Details

Version: 0.4.0
Check: data for non-ASCII characters
Result: NOTE
     Note: found 164 marked UTF-8 strings
Flavors: r-devel-linux-x86_64-fedora-clang, r-devel-linux-x86_64-fedora-gcc, r-patched-solaris-x86, r-release-osx-x86_64, r-oldrel-osx-x86_64