CRAN Package Check Results for Package maptools

Last updated on 2018-06-20 01:50:20 CEST.

Flavor Version Tinstall Tcheck Ttotal Status Flags
r-devel-linux-x86_64-debian-clang 0.9-2 13.59 114.23 127.82 NOTE
r-devel-linux-x86_64-debian-gcc 0.9-2 13.17 88.05 101.22 NOTE
r-devel-linux-x86_64-fedora-clang 0.9-2 152.04 NOTE
r-devel-linux-x86_64-fedora-gcc 0.9-2 143.64 NOTE
r-devel-windows-ix86+x86_64 0.9-2 47.00 259.00 306.00 NOTE
r-patched-linux-x86_64 0.9-2 13.10 104.41 117.51 NOTE
r-patched-solaris-x86 0.9-2 184.60 NOTE
r-release-linux-x86_64 0.9-2 14.88 103.97 118.85 NOTE
r-release-windows-ix86+x86_64 0.9-2 37.00 160.00 197.00 NOTE
r-release-osx-x86_64 0.9-2 NOTE
r-oldrel-windows-ix86+x86_64 0.9-2 39.00 175.00 214.00 NOTE
r-oldrel-osx-x86_64 0.9-2 NOTE

Check Details

Version: 0.9-2
Check: dependencies in R code
Result: NOTE
    Missing or unexported objects:
     ‘spatstat::is.hole.xypolygon’ ‘spatstat::superimposePSP’
Flavors: r-devel-linux-x86_64-debian-clang, r-devel-linux-x86_64-debian-gcc, r-devel-linux-x86_64-fedora-clang, r-devel-linux-x86_64-fedora-gcc, r-devel-windows-ix86+x86_64, r-patched-linux-x86_64, r-patched-solaris-x86, r-release-linux-x86_64, r-release-windows-ix86+x86_64, r-release-osx-x86_64, r-oldrel-windows-ix86+x86_64

Version: 0.9-2
Check: dependencies in R code
Result: NOTE
    Missing or unexported object: ‘spatstat::is.hole.xypolygon’
Flavor: r-oldrel-osx-x86_64

Version: 0.9-2
Check: re-building of vignette outputs
Result: NOTE
    Error in re-building vignettes:
     ...
    Loading required package: sp
    Checking rgeos availability: TRUE
    Warning: use rgdal::readOGR or sf::st_read
    Warning: use rgdal::readOGR or sf::st_read
    Warning: use rgdal::readOGR or sf::st_read
    Warning: use rgdal::readOGR or sf::st_read
    Warning: use rgdal::readOGR or sf::st_read
    Warning: use rgdal::readOGR or sf::st_read
    Warning: non-unique values when setting 'row.names': ‘37055’, ‘37095’
    
    Error: processing vignette 'combine_maptools.Rnw' failed with diagnostics:
     chunk 18
    Error in unionSpatialPolygons(nc90, IDs = paste(nc90$ST, nc90$CO, sep = "")) :
     package rgeos required for unionSpatialPolygons
    Execution halted
Flavor: r-oldrel-osx-x86_64