CRAN Package Check Results for Package markovchain

Last updated on 2018-06-20 01:50:20 CEST.

Flavor Version Tinstall Tcheck Ttotal Status Flags
r-devel-linux-x86_64-debian-clang 0.6.9.10 123.14 240.25 363.39 WARN
r-devel-linux-x86_64-debian-gcc 0.6.9.10 106.02 175.33 281.35 WARN
r-devel-linux-x86_64-fedora-clang 0.6.9.10 473.07 WARN
r-devel-linux-x86_64-fedora-gcc 0.6.9.10 452.23 WARN
r-devel-windows-ix86+x86_64 0.6.9.10 327.00 401.00 728.00 OK
r-patched-linux-x86_64 0.6.9.10 131.89 218.02 349.91 WARN
r-patched-solaris-x86 0.6.9.10 492.10 OK
r-release-linux-x86_64 0.6.9.10 134.10 217.38 351.48 WARN
r-release-windows-ix86+x86_64 0.6.9.10 255.00 416.00 671.00 OK
r-release-osx-x86_64 0.6.9.10 NOTE
r-oldrel-windows-ix86+x86_64 0.6.9.10 337.00 295.00 632.00 OK
r-oldrel-osx-x86_64 0.6.9.10 NOTE

Check Details

Version: 0.6.9.10
Check: re-building of vignette outputs
Result: WARN
    Error in re-building vignettes:
     ...
    Package: markovchain
    Version: 0.6.9.10
    Date: 2018-06-01
    BugReport: http://github.com/spedygiorgio/markovchain/issues
    
    
    Attaching package: 'igraph'
    
    The following objects are masked from 'package:stats':
    
     decompose, spectrum
    
    The following object is masked from 'package:base':
    
     union
    
    Loading required package: msm
    Loading required package: survival
    Loading required package: matlab
    
    Attaching package: 'matlab'
    
    The following object is masked from 'package:stats':
    
     reshape
    
    The following objects are masked from 'package:utils':
    
     find, fix
    
    The following object is masked from 'package:base':
    
     sum
    
    Warning in assessOrder(rain$rain) :
     The correctes of this function is in question. It will be deeply revised in the forthcoming versions.
    Warning in assessStationarity(rain$rain, 10) :
     The correctes of this function is in question. It will be deeply revised in the forthcoming versions.
    Warning in chisq.test(mat) : Chi-squared approximation may be incorrect
    Warning in chisq.test(mat) : Chi-squared approximation may be incorrect
    Warning in chisq.test(mat) : Chi-squared approximation may be incorrect
    Loading required package: ctmcd
    Loading required package: expm
    Loading required package: Matrix
    
    Attaching package: 'expm'
    
    The following object is masked from 'package:Matrix':
    
     expm
    
    This function is experimental
    Error reading bibliography ./markovchainBiblio.bib (line 468, column 12):
    unexpected ","
    expecting white space
    Error running filter /usr/bin/pandoc-citeproc:
    Filter returned error status 1
    Error: processing vignette ‘GSoC-2017_additions.Rmd’ failed with diagnostics:
    pandoc document conversion failed with error 83
    Execution halted
Flavors: r-devel-linux-x86_64-debian-clang, r-devel-linux-x86_64-debian-gcc, r-patched-linux-x86_64, r-release-linux-x86_64

Version: 0.6.9.10
Check: installed package size
Result: NOTE
     installed size is 8.4Mb
     sub-directories of 1Mb or more:
     libs 6.7Mb
Flavors: r-devel-linux-x86_64-fedora-clang, r-release-osx-x86_64, r-oldrel-osx-x86_64

Version: 0.6.9.10
Check: re-building of vignette outputs
Result: WARN
    Error in re-building vignettes:
     ...
    Package: markovchain
    Version: 0.6.9.10
    Date: 2018-06-01
    BugReport: http://github.com/spedygiorgio/markovchain/issues
    
    
    Attaching package: 'igraph'
    
    The following objects are masked from 'package:stats':
    
     decompose, spectrum
    
    The following object is masked from 'package:base':
    
     union
    
    Loading required package: msm
    Loading required package: survival
    Loading required package: matlab
    
    Attaching package: 'matlab'
    
    The following object is masked from 'package:stats':
    
     reshape
    
    The following objects are masked from 'package:utils':
    
     find, fix
    
    The following object is masked from 'package:base':
    
     sum
    
    Warning in assessOrder(rain$rain) :
     The correctes of this function is in question. It will be deeply revised in the forthcoming versions.
    Warning in assessStationarity(rain$rain, 10) :
     The correctes of this function is in question. It will be deeply revised in the forthcoming versions.
    Warning in chisq.test(mat) : Chi-squared approximation may be incorrect
    Warning in chisq.test(mat) : Chi-squared approximation may be incorrect
    Warning in chisq.test(mat) : Chi-squared approximation may be incorrect
    Loading required package: ctmcd
    Loading required package: expm
    Loading required package: Matrix
    
    Attaching package: 'expm'
    
    The following object is masked from 'package:Matrix':
    
     expm
    
    This function is experimental
    Error reading bibliography ./markovchainBiblio.bib (line 468, column 12):
    unexpected ","
    expecting white space
    Error running filter /usr/local/bin/pandoc-citeproc:
    Filter returned error status 1
    Error: processing vignette 'GSoC-2017_additions.Rmd' failed with diagnostics:
    pandoc document conversion failed with error 83
    Execution halted
Flavors: r-devel-linux-x86_64-fedora-clang, r-devel-linux-x86_64-fedora-gcc