Last updated on 2018-06-20 01:50:20 CEST.
Flavor | Version | Tinstall | Tcheck | Ttotal | Status | Flags |
---|---|---|---|---|---|---|
r-devel-linux-x86_64-debian-clang | 1.1.7 | 8.26 | 129.96 | 138.22 | OK | |
r-devel-linux-x86_64-debian-gcc | 1.1.7 | 8.71 | 101.55 | 110.26 | OK | |
r-devel-linux-x86_64-fedora-clang | 1.1.7 | 171.18 | OK | |||
r-devel-linux-x86_64-fedora-gcc | 1.1.7 | 160.18 | OK | |||
r-devel-windows-ix86+x86_64 | 1.1.7 | 30.00 | 187.00 | 217.00 | OK | |
r-patched-linux-x86_64 | 1.1.7 | 8.66 | 109.00 | 117.66 | OK | |
r-patched-solaris-x86 | 1.1.7 | 210.40 | OK | |||
r-release-linux-x86_64 | 1.1.7 | 8.58 | 107.80 | 116.38 | OK | |
r-release-windows-ix86+x86_64 | 1.1.7 | 17.00 | 197.00 | 214.00 | OK | |
r-release-osx-x86_64 | 1.1.7 | OK | ||||
r-oldrel-windows-ix86+x86_64 | 1.1.7 | 20.00 | 127.00 | 147.00 | OK | |
r-oldrel-osx-x86_64 | 1.1.7 | ERROR |
Version: 1.1.7
Check: package dependencies
Result: ERROR
Package required and available but unsuitable version: ‘rcbsubset’
See section ‘The DESCRIPTION file’ in the ‘Writing R Extensions’
manual.
Flavor: r-oldrel-osx-x86_64