Last updated on 2018-06-20 01:50:21 CEST.
Flavor | Version | Tinstall | Tcheck | Ttotal | Status | Flags |
---|---|---|---|---|---|---|
r-devel-linux-x86_64-debian-clang | 1.0.3 | 34.32 | 541.74 | 576.06 | OK | |
r-devel-linux-x86_64-debian-gcc | 1.0.3 | 26.64 | 396.45 | 423.09 | OK | |
r-devel-linux-x86_64-fedora-clang | 1.0.3 | 681.49 | NOTE | |||
r-devel-linux-x86_64-fedora-gcc | 1.0.3 | 650.57 | OK | |||
r-devel-windows-ix86+x86_64 | 1.0.3 | 78.00 | 623.00 | 701.00 | NOTE | |
r-patched-linux-x86_64 | 1.0.3 | 31.24 | 523.98 | 555.22 | OK | |
r-patched-solaris-x86 | 1.0.3 | 930.60 | NOTE | |||
r-release-linux-x86_64 | 1.0.3 | 32.12 | 525.97 | 558.09 | OK | |
r-release-windows-ix86+x86_64 | 1.0.3 | 57.00 | 675.00 | 732.00 | NOTE | |
r-release-osx-x86_64 | 1.0.3 | NOTE | ||||
r-oldrel-windows-ix86+x86_64 | 1.0.3 | 52.00 | 436.00 | 488.00 | NOTE | |
r-oldrel-osx-x86_64 | 1.0.3 | NOTE |
Version: 1.0.3
Check: installed package size
Result: NOTE
installed size is 6.0Mb
sub-directories of 1Mb or more:
extdata 3.9Mb
Flavors: r-devel-linux-x86_64-fedora-clang, r-devel-windows-ix86+x86_64, r-patched-solaris-x86, r-release-windows-ix86+x86_64, r-release-osx-x86_64, r-oldrel-windows-ix86+x86_64, r-oldrel-osx-x86_64