Last updated on 2018-06-20 01:50:21 CEST.
Flavor | Version | Tinstall | Tcheck | Ttotal | Status | Flags |
---|---|---|---|---|---|---|
r-devel-linux-x86_64-debian-clang | 0.6-4 | 7.53 | 108.16 | 115.69 | OK | |
r-devel-linux-x86_64-debian-gcc | 0.6-4 | 7.20 | 84.23 | 91.43 | OK | |
r-devel-linux-x86_64-fedora-clang | 0.6-4 | 137.11 | OK | |||
r-devel-linux-x86_64-fedora-gcc | 0.6-4 | 132.20 | OK | |||
r-devel-windows-ix86+x86_64 | 0.6-4 | 24.00 | 117.00 | 141.00 | OK | |
r-patched-linux-x86_64 | 0.6-4 | 5.64 | 93.23 | 98.87 | OK | |
r-patched-solaris-x86 | 0.6-4 | 170.70 | OK | |||
r-release-linux-x86_64 | 0.6-4 | 4.77 | 92.78 | 97.55 | OK | |
r-release-windows-ix86+x86_64 | 0.6-4 | 11.00 | 164.00 | 175.00 | OK | |
r-release-osx-x86_64 | 0.6-4 | OK | ||||
r-oldrel-windows-ix86+x86_64 | 0.6-4 | 13.00 | 110.00 | 123.00 | OK | |
r-oldrel-osx-x86_64 | 0.6-4 | NOTE |
Version: 0.6-4
Check: re-building of vignette outputs
Result: NOTE
Error in re-building vignettes:
...
Effect decomposition on the scale of the linear predictor
conditional on: gender, educ, age
with x* = 0, x = 1
Effect decomposition on exp(scale of the linear predictor)
conditional on: gender, educ, age
with x* = 0, x = 1
Error in texi2dvi(file = file, pdf = TRUE, clean = clean, quiet = quiet, :
Running 'texi2dvi' on 'medflex.tex' failed.
LaTeX errors:
! LaTeX Error: File `nccmath.sty' not found.
Type X to quit or <RETURN> to proceed,
or enter new name. (Default extension: sty)
! Emergency stop.
<read *>
l.12 ^^M
! ==> Fatal error occurred, no output PDF file produced!
Calls: buildVignettes -> texi2pdf -> texi2dvi
Execution halted
Flavor: r-oldrel-osx-x86_64