Last updated on 2018-06-20 01:50:21 CEST.
Flavor | Version | Tinstall | Tcheck | Ttotal | Status | Flags |
---|---|---|---|---|---|---|
r-devel-linux-x86_64-debian-clang | 4.4.6 | 14.05 | 149.26 | 163.31 | OK | --no-vignettes |
r-devel-linux-x86_64-debian-gcc | 4.4.6 | 15.56 | 112.63 | 128.19 | OK | --no-vignettes |
r-devel-linux-x86_64-fedora-clang | 4.4.6 | 347.76 | OK | |||
r-devel-linux-x86_64-fedora-gcc | 4.4.6 | 330.87 | OK | |||
r-devel-windows-ix86+x86_64 | 4.4.6 | 35.00 | 323.00 | 358.00 | OK | |
r-patched-linux-x86_64 | 4.4.6 | 16.22 | 129.17 | 145.39 | OK | --no-vignettes |
r-patched-solaris-x86 | 4.4.6 | 495.40 | OK | |||
r-release-linux-x86_64 | 4.4.6 | 16.42 | 127.91 | 144.33 | OK | --no-vignettes |
r-release-windows-ix86+x86_64 | 4.4.6 | 21.00 | 438.00 | 459.00 | OK | |
r-release-osx-x86_64 | 4.4.6 | OK | ||||
r-oldrel-windows-ix86+x86_64 | 4.4.6 | 15.00 | 351.00 | 366.00 | OK | |
r-oldrel-osx-x86_64 | 4.4.6 | NOTE |
Version: 4.4.6
Check: re-building of vignette outputs
Result: NOTE
Error in re-building vignettes:
...
Error in texi2dvi(file = file, pdf = TRUE, clean = clean, quiet = quiet, :
Running 'texi2dvi' on 'mediation-old.tex' failed.
LaTeX errors:
! LaTeX Error: File `titlesec.sty' not found.
Type X to quit or <RETURN> to proceed,
or enter new name. (Default extension: sty)
! Emergency stop.
<read *>
l.47 ^^M
! ==> Fatal error occurred, no output PDF file produced!
Calls: buildVignettes -> texi2pdf -> texi2dvi
Execution halted
Flavor: r-oldrel-osx-x86_64