CRAN Package Check Results for Package metaBMA

Last updated on 2018-06-20 01:50:21 CEST.

Flavor Version Tinstall Tcheck Ttotal Status Flags
r-devel-linux-x86_64-debian-clang 0.3.9 2.68 84.76 87.44 OK
r-devel-linux-x86_64-debian-gcc 0.3.9 2.31 60.92 63.23 OK
r-devel-linux-x86_64-fedora-clang 0.3.9 101.26 OK
r-devel-linux-x86_64-fedora-gcc 0.3.9 95.31 OK
r-devel-windows-ix86+x86_64 0.3.9 8.00 71.00 79.00 WARN
r-patched-linux-x86_64 0.3.9 2.88 82.58 85.46 OK
r-patched-solaris-x86 0.3.9 126.40 OK
r-release-linux-x86_64 0.3.9 2.92 81.28 84.20 OK
r-release-windows-ix86+x86_64 0.3.9 5.00 52.00 57.00 WARN
r-release-osx-x86_64 0.3.9 OK
r-oldrel-windows-ix86+x86_64 0.3.9 5.00 110.00 115.00 OK
r-oldrel-osx-x86_64 0.3.9 OK

Check Details

Version: 0.3.9
Check: re-building of vignette outputs
Result: WARN
    Error in re-building vignettes:
     ...
    Warning in engine$weave(file, quiet = quiet, encoding = enc) :
     The vignette engine knitr::rmarkdown is not available, because the rmarkdown package is not installed. Please install it.
    INFORMATION: Es konnten keine Dateien mit dem angegebenen
    Muster gefunden werden.
    Quitting from lines 63-72 (metaBMA.Rmd)
    Error: processing vignette 'metaBMA.Rmd' failed with diagnostics:
    Unable to call JAGS
    Execution halted
Flavors: r-devel-windows-ix86+x86_64, r-release-windows-ix86+x86_64