Last updated on 2018-06-20 01:50:21 CEST.
Flavor | Version | Tinstall | Tcheck | Ttotal | Status | Flags |
---|---|---|---|---|---|---|
r-devel-linux-x86_64-debian-clang | 1.4 | 1.11 | 22.57 | 23.68 | NOTE | |
r-devel-linux-x86_64-debian-gcc | 1.4 | 1.19 | 17.93 | 19.12 | NOTE | |
r-devel-linux-x86_64-fedora-clang | 1.4 | 28.12 | NOTE | |||
r-devel-linux-x86_64-fedora-gcc | 1.4 | 26.70 | NOTE | |||
r-devel-windows-ix86+x86_64 | 1.4 | 5.00 | 50.00 | 55.00 | NOTE | |
r-patched-linux-x86_64 | 1.4 | 1.18 | 21.50 | 22.68 | NOTE | |
r-patched-solaris-x86 | 1.4 | 42.10 | NOTE | |||
r-release-linux-x86_64 | 1.4 | 1.64 | 21.40 | 23.04 | NOTE | |
r-release-windows-ix86+x86_64 | 1.4 | 3.00 | 49.00 | 52.00 | NOTE | |
r-release-osx-x86_64 | 1.4 | NOTE | ||||
r-oldrel-windows-ix86+x86_64 | 1.4 | 3.00 | 33.00 | 36.00 | NOTE | |
r-oldrel-osx-x86_64 | 1.4 | NOTE |
Version: 1.4
Check: R code for possible problems
Result: NOTE
missForest: no visible global function definition for ‘predict’
missForest: no visible global function definition for ‘idiv’
missForest: no visible global function definition for ‘var’
nrmse: no visible global function definition for ‘var’
Undefined global functions or variables:
idiv predict var
Consider adding
importFrom("stats", "predict", "var")
to your NAMESPACE file.
Flavors: r-devel-linux-x86_64-debian-clang, r-devel-linux-x86_64-debian-gcc, r-devel-linux-x86_64-fedora-clang, r-devel-linux-x86_64-fedora-gcc, r-devel-windows-ix86+x86_64, r-patched-linux-x86_64, r-patched-solaris-x86, r-release-linux-x86_64, r-release-windows-ix86+x86_64, r-release-osx-x86_64, r-oldrel-windows-ix86+x86_64, r-oldrel-osx-x86_64