Last updated on 2018-06-20 01:50:22 CEST.
Flavor | Version | Tinstall | Tcheck | Ttotal | Status | Flags |
---|---|---|---|---|---|---|
r-devel-linux-x86_64-debian-clang | 1.1.1 | 11.96 | 176.67 | 188.63 | WARN | |
r-devel-linux-x86_64-debian-gcc | 1.1.1 | 9.97 | 140.84 | 150.81 | WARN | |
r-devel-linux-x86_64-fedora-clang | 1.1.1 | 227.00 | WARN | |||
r-devel-linux-x86_64-fedora-gcc | 1.1.1 | 213.80 | WARN | |||
r-devel-windows-ix86+x86_64 | 1.1.1 | 39.00 | 340.00 | 379.00 | OK | |
r-patched-linux-x86_64 | 1.1.1 | 10.93 | 162.10 | 173.03 | OK | |
r-patched-solaris-x86 | 1.1.1 | 294.80 | OK | |||
r-release-linux-x86_64 | 1.1.1 | 12.22 | 157.53 | 169.75 | OK | |
r-release-windows-ix86+x86_64 | 1.1.1 | 30.00 | 364.00 | 394.00 | OK | |
r-release-osx-x86_64 | 1.1.1 | OK | ||||
r-oldrel-windows-ix86+x86_64 | 1.1.1 | 28.00 | 243.00 | 271.00 | OK | |
r-oldrel-osx-x86_64 | 1.1.1 | OK |
Version: 1.1.1
Check: for unstated dependencies in ‘tests’
Result: WARN
'library' or 'require' call not declared from: ‘rgenoud’
Flavors: r-devel-linux-x86_64-debian-clang, r-devel-linux-x86_64-debian-gcc, r-devel-linux-x86_64-fedora-clang, r-devel-linux-x86_64-fedora-gcc