CRAN Package Check Results for Package mousetrap

Last updated on 2018-06-20 01:50:22 CEST.

Flavor Version Tinstall Tcheck Ttotal Status Flags
r-devel-linux-x86_64-debian-clang 3.1.0 92.34 89.19 181.53 OK
r-devel-linux-x86_64-debian-gcc 3.1.0 75.75 67.46 143.21 OK
r-devel-linux-x86_64-fedora-clang 3.1.0 237.80 NOTE
r-devel-linux-x86_64-fedora-gcc 3.1.0 216.03 OK
r-devel-windows-ix86+x86_64 3.1.0 253.00 146.00 399.00 OK
r-patched-linux-x86_64 3.1.0 97.27 84.66 181.93 OK
r-patched-solaris-x86 3.1.0 259.50 OK
r-release-linux-x86_64 3.1.0 92.76 85.24 178.00 OK
r-release-windows-ix86+x86_64 3.1.0 161.00 183.00 344.00 OK
r-release-osx-x86_64 3.1.0 OK
r-oldrel-windows-ix86+x86_64 3.1.0 166.00 133.00 299.00 OK
r-oldrel-osx-x86_64 3.1.0 OK

Check Details

Version: 3.1.0
Check: installed package size
Result: NOTE
     installed size is 5.3Mb
     sub-directories of 1Mb or more:
     data 2.0Mb
     libs 2.7Mb
Flavor: r-devel-linux-x86_64-fedora-clang