Last updated on 2018-06-20 01:50:23 CEST.
Flavor | Version | Tinstall | Tcheck | Ttotal | Status | Flags |
---|---|---|---|---|---|---|
r-devel-linux-x86_64-debian-clang | 1.1-9 | 3.68 | 78.82 | 82.50 | OK | |
r-devel-linux-x86_64-debian-gcc | 1.1-9 | 3.46 | 60.15 | 63.61 | OK | |
r-devel-linux-x86_64-fedora-clang | 1.1-9 | 99.15 | OK | |||
r-devel-linux-x86_64-fedora-gcc | 1.1-9 | 96.38 | OK | |||
r-devel-windows-ix86+x86_64 | 1.1-9 | 9.00 | 100.00 | 109.00 | OK | |
r-patched-linux-x86_64 | 1.1-9 | 3.35 | 76.64 | 79.99 | OK | |
r-patched-solaris-x86 | 1.1-9 | 144.90 | OK | |||
r-release-linux-x86_64 | 1.1-9 | 4.07 | 75.81 | 79.88 | OK | |
r-release-windows-ix86+x86_64 | 1.1-9 | 8.00 | 94.00 | 102.00 | OK | |
r-release-osx-x86_64 | 1.1-9 | OK | ||||
r-oldrel-windows-ix86+x86_64 | 1.1-9 | 5.00 | 134.00 | 139.00 | OK | |
r-oldrel-osx-x86_64 | 1.1-9 | NOTE |
Version: 1.1-9
Check: re-building of vignette outputs
Result: NOTE
Error in re-building vignettes:
...
Attaching package: ‘multivator’
The following objects are masked from ‘package:base’:
levels, rbind
Error in texi2dvi(file = file, pdf = TRUE, clean = clean, quiet = quiet, :
Running 'texi2dvi' on 'cias.tex' failed.
LaTeX errors:
! LaTeX Error: File `dsfont.sty' not found.
Type X to quit or <RETURN> to proceed,
or enter new name. (Default extension: sty)
! Emergency stop.
<read *>
l.4 \usepackage
{bbm}^^M
! ==> Fatal error occurred, no output PDF file produced!
Calls: buildVignettes -> texi2pdf -> texi2dvi
Execution halted
Flavor: r-oldrel-osx-x86_64