Last updated on 2018-06-20 01:50:23 CEST.
Flavor | Version | Tinstall | Tcheck | Ttotal | Status | Flags |
---|---|---|---|---|---|---|
r-devel-linux-x86_64-debian-clang | 0.7.1.295 | 7.08 | 66.07 | 73.15 | NOTE | |
r-devel-linux-x86_64-debian-gcc | 0.7.1.295 | 4.25 | 52.23 | 56.48 | NOTE | |
r-devel-linux-x86_64-fedora-clang | 0.7.1.295 | 81.32 | NOTE | |||
r-devel-linux-x86_64-fedora-gcc | 0.7.1.295 | 79.16 | NOTE | |||
r-devel-windows-ix86+x86_64 | 0.7.1.295 | 17.00 | 112.00 | 129.00 | NOTE | |
r-patched-linux-x86_64 | 0.7.1.295 | 4.45 | 55.79 | 60.24 | NOTE | |
r-patched-solaris-x86 | 0.7.1.295 | 111.40 | NOTE | |||
r-release-linux-x86_64 | 0.7.1.295 | 6.33 | 55.51 | 61.84 | NOTE | |
r-release-windows-ix86+x86_64 | 0.7.1.295 | 9.00 | 94.00 | 103.00 | NOTE | |
r-release-osx-x86_64 | 0.7.1.295 | NOTE | ||||
r-oldrel-windows-ix86+x86_64 | 0.7.1.295 | 13.00 | 72.00 | 85.00 | NOTE | |
r-oldrel-osx-x86_64 | 0.7.1.295 | NOTE |
Version: 0.7.1.295
Check: R code for possible problems
Result: NOTE
infoNcdfVars: no visible global function definition for ‘na.omit’
modifyNcdfDefAtts: no visible global function definition for ‘na.omit’
plotDatacube: no visible global function definition for ‘runif’
plotDatacube: no visible global function definition for
‘colorRampPalette’
plotDatacube: no visible global function definition for ‘dev.cur’
plotDatacube: no visible global function definition for ‘dev.new’
plotDatacube: no visible global function definition for ‘layout’
plotDatacube: no visible global function definition for ‘par’
plotDatacube: no visible global function definition for ‘points’
plotDatacube: no visible global function definition for ‘text’
plotDatacube: no visible global function definition for ‘plot.new’
plotDatacube: no visible global function definition for ‘mtext’
plotDatacube: no visible global function definition for ‘rgb’
plotDatacube: no visible global function definition for ‘legend’
transNcdfRotate: no visible global function definition for ‘na.omit’
Undefined global functions or variables:
colorRampPalette dev.cur dev.new layout legend mtext na.omit par
plot.new points rgb runif text
Consider adding
importFrom("grDevices", "colorRampPalette", "dev.cur", "dev.new",
"rgb")
importFrom("graphics", "layout", "legend", "mtext", "par", "plot.new",
"points", "text")
importFrom("stats", "na.omit", "runif")
to your NAMESPACE file.
Flavors: r-devel-linux-x86_64-debian-clang, r-devel-linux-x86_64-debian-gcc, r-devel-linux-x86_64-fedora-clang, r-devel-linux-x86_64-fedora-gcc, r-devel-windows-ix86+x86_64, r-patched-linux-x86_64, r-patched-solaris-x86, r-release-linux-x86_64, r-release-windows-ix86+x86_64, r-release-osx-x86_64, r-oldrel-windows-ix86+x86_64, r-oldrel-osx-x86_64