Last updated on 2018-06-20 01:50:23 CEST.
Flavor | Version | Tinstall | Tcheck | Ttotal | Status | Flags |
---|---|---|---|---|---|---|
r-devel-linux-x86_64-debian-clang | 0.0.6 | 33.74 | 138.19 | 171.93 | NOTE | |
r-devel-linux-x86_64-debian-gcc | 0.0.6 | 27.47 | 107.46 | 134.93 | NOTE | |
r-devel-linux-x86_64-fedora-clang | 0.0.6 | 203.57 | NOTE | |||
r-devel-linux-x86_64-fedora-gcc | 0.0.6 | 193.19 | NOTE | |||
r-devel-windows-ix86+x86_64 | 0.0.6 | 73.00 | 266.00 | 339.00 | OK | |
r-patched-linux-x86_64 | 0.0.6 | 29.76 | 116.25 | 146.01 | NOTE | |
r-patched-solaris-x86 | 0.0.6 | 245.20 | OK | |||
r-release-linux-x86_64 | 0.0.6 | 29.82 | 115.42 | 145.24 | NOTE | |
r-release-windows-ix86+x86_64 | 0.0.6 | 49.00 | 292.00 | 341.00 | OK | |
r-release-osx-x86_64 | 0.0.6 | OK | ||||
r-oldrel-windows-ix86+x86_64 | 0.0.6 | 45.00 | 185.00 | 230.00 | OK | |
r-oldrel-osx-x86_64 | 0.0.6 | OK |
Version: 0.0.6
Check: compiled code
Result: NOTE
File ‘neuroim/libs/neuroim.so’:
Found no calls to: ‘R_registerRoutines’, ‘R_useDynamicSymbols’
It is good practice to register native routines and to disable symbol
search.
See ‘Writing portable packages’ in the ‘Writing R Extensions’ manual.
Flavors: r-devel-linux-x86_64-debian-clang, r-devel-linux-x86_64-debian-gcc, r-devel-linux-x86_64-fedora-clang, r-devel-linux-x86_64-fedora-gcc, r-patched-linux-x86_64, r-release-linux-x86_64