Last updated on 2018-06-20 01:50:23 CEST.
Flavor | Version | Tinstall | Tcheck | Ttotal | Status | Flags |
---|---|---|---|---|---|---|
r-devel-linux-x86_64-debian-clang | 0.6-11 | 165.90 | 188.57 | 354.47 | OK | |
r-devel-linux-x86_64-debian-gcc | 0.6-11 | 134.85 | 143.05 | 277.90 | OK | |
r-devel-linux-x86_64-fedora-clang | 0.6-11 | 462.19 | NOTE | |||
r-devel-linux-x86_64-fedora-gcc | 0.6-11 | 443.21 | OK | |||
r-devel-windows-ix86+x86_64 | 0.6-11 | 386.00 | 196.00 | 582.00 | NOTE | |
r-patched-linux-x86_64 | 0.6-11 | 182.28 | 183.37 | 365.65 | OK | |
r-patched-solaris-x86 | 0.6-11 | 515.10 | NOTE | |||
r-release-linux-x86_64 | 0.6-11 | 179.13 | 184.59 | 363.72 | OK | |
r-release-windows-ix86+x86_64 | 0.6-11 | 308.00 | 175.00 | 483.00 | NOTE | |
r-release-osx-x86_64 | 0.6-11 | NOTE | ||||
r-oldrel-windows-ix86+x86_64 | 0.6-11 | 314.00 | 186.00 | 500.00 | NOTE | |
r-oldrel-osx-x86_64 | 0.6-10 | NOTE |
Version: 0.6-11
Check: installed package size
Result: NOTE
installed size is 16.0Mb
sub-directories of 1Mb or more:
CppCode 1.1Mb
R 5.5Mb
classic-bugs 1.6Mb
include 5.8Mb
tests 1.3Mb
Flavors: r-devel-linux-x86_64-fedora-clang, r-devel-windows-ix86+x86_64, r-patched-solaris-x86, r-release-windows-ix86+x86_64, r-release-osx-x86_64, r-oldrel-windows-ix86+x86_64
Version: 0.6-10
Check: installed package size
Result: NOTE
installed size is 31.8Mb
sub-directories of 1Mb or more:
CppCode 1.2Mb
R 3.4Mb
classic-bugs 1.5Mb
include 5.6Mb
libs 18.4Mb
tests 1.3Mb
Flavor: r-oldrel-osx-x86_64