Last updated on 2018-06-20 01:50:23 CEST.
Flavor | Version | Tinstall | Tcheck | Ttotal | Status | Flags |
---|---|---|---|---|---|---|
r-devel-linux-x86_64-debian-clang | 1.4 | 1.51 | 17.03 | 18.54 | NOTE | |
r-devel-linux-x86_64-debian-gcc | 1.4 | 1.29 | 13.48 | 14.77 | NOTE | |
r-devel-linux-x86_64-fedora-clang | 1.4 | 22.09 | NOTE | |||
r-devel-linux-x86_64-fedora-gcc | 1.4 | 20.81 | NOTE | |||
r-devel-windows-ix86+x86_64 | 1.4 | 13.00 | 34.00 | 47.00 | OK | |
r-patched-linux-x86_64 | 1.4 | 1.66 | 16.00 | 17.66 | NOTE | |
r-patched-solaris-x86 | 1.4 | 33.30 | OK | |||
r-release-linux-x86_64 | 1.4 | 1.69 | 15.86 | 17.55 | NOTE | |
r-release-windows-ix86+x86_64 | 1.4 | 14.00 | 34.00 | 48.00 | OK | |
r-release-osx-x86_64 | 1.4 | OK | ||||
r-oldrel-windows-ix86+x86_64 | 1.4 | 7.00 | 29.00 | 36.00 | OK | |
r-oldrel-osx-x86_64 | 1.4 | OK |
Version: 1.4
Check: compiled code
Result: NOTE
File ‘nnls/libs/nnls.so’:
Found no calls to: ‘R_registerRoutines’, ‘R_useDynamicSymbols’
It is good practice to register native routines and to disable symbol
search.
See ‘Writing portable packages’ in the ‘Writing R Extensions’ manual.
Flavors: r-devel-linux-x86_64-debian-clang, r-devel-linux-x86_64-debian-gcc, r-devel-linux-x86_64-fedora-clang, r-devel-linux-x86_64-fedora-gcc, r-patched-linux-x86_64, r-release-linux-x86_64