Last updated on 2018-06-20 01:50:24 CEST.
Flavor | Version | Tinstall | Tcheck | Ttotal | Status | Flags |
---|---|---|---|---|---|---|
r-devel-linux-x86_64-debian-clang | 1.0-0 | 0.90 | 16.69 | 17.59 | NOTE | |
r-devel-linux-x86_64-debian-gcc | 1.0-0 | 0.67 | 13.02 | 13.69 | NOTE | |
r-devel-linux-x86_64-fedora-clang | 1.0-0 | 20.12 | NOTE | |||
r-devel-linux-x86_64-fedora-gcc | 1.0-0 | 18.72 | NOTE | |||
r-devel-windows-ix86+x86_64 | 1.0-0 | 3.00 | 25.00 | 28.00 | NOTE | |
r-patched-linux-x86_64 | 1.0-0 | 0.60 | 15.47 | 16.07 | NOTE | |
r-patched-solaris-x86 | 1.0-0 | 30.30 | NOTE | |||
r-release-linux-x86_64 | 1.0-0 | 0.68 | 15.24 | 15.92 | NOTE | |
r-release-windows-ix86+x86_64 | 1.0-0 | 4.00 | 25.00 | 29.00 | NOTE | |
r-release-osx-x86_64 | 1.0-0 | NOTE | ||||
r-oldrel-windows-ix86+x86_64 | 1.0-0 | 3.00 | 23.00 | 26.00 | NOTE | |
r-oldrel-osx-x86_64 | 1.0-0 | NOTE |
Version: 1.0-0
Check: R code for possible problems
Result: NOTE
nppbib: no visible global function definition for ‘read.table’
nppbib: no visible global function definition for ‘pchisq’
Undefined global functions or variables:
pchisq read.table
Consider adding
importFrom("stats", "pchisq")
importFrom("utils", "read.table")
to your NAMESPACE file.
Flavors: r-devel-linux-x86_64-debian-clang, r-devel-linux-x86_64-debian-gcc, r-devel-linux-x86_64-fedora-clang, r-devel-linux-x86_64-fedora-gcc, r-devel-windows-ix86+x86_64, r-patched-linux-x86_64, r-patched-solaris-x86, r-release-linux-x86_64, r-release-windows-ix86+x86_64, r-release-osx-x86_64, r-oldrel-windows-ix86+x86_64, r-oldrel-osx-x86_64