CRAN Package Check Results for Package nse

Last updated on 2018-06-20 01:50:24 CEST.

Flavor Version Tinstall Tcheck Ttotal Status Flags
r-devel-linux-x86_64-debian-clang 1-00.17 18.94 95.47 114.41 NOTE
r-devel-linux-x86_64-debian-gcc 1-00.17 14.68 74.11 88.79 NOTE
r-devel-linux-x86_64-fedora-clang 1-00.17 134.69 NOTE
r-devel-linux-x86_64-fedora-gcc 1-00.17 126.63 NOTE
r-devel-windows-ix86+x86_64 1-00.17 50.00 157.00 207.00 OK
r-patched-linux-x86_64 1-00.17 18.87 76.12 94.99 NOTE
r-patched-solaris-x86 1-00.17 166.80 OK
r-release-linux-x86_64 1-00.17 18.03 75.42 93.45 NOTE
r-release-windows-ix86+x86_64 1-00.17 31.00 170.00 201.00 OK
r-release-osx-x86_64 1-00.17 OK
r-oldrel-windows-ix86+x86_64 1-00.17 32.00 132.00 164.00 OK
r-oldrel-osx-x86_64 1-00.17 OK

Check Details

Version: 1-00.17
Check: compiled code
Result: NOTE
    File ‘nse/libs/nse.so’:
     Found no calls to: ‘R_registerRoutines’, ‘R_useDynamicSymbols’
    
    It is good practice to register native routines and to disable symbol
    search.
    
    See ‘Writing portable packages’ in the ‘Writing R Extensions’ manual.
Flavors: r-devel-linux-x86_64-debian-clang, r-devel-linux-x86_64-debian-gcc, r-devel-linux-x86_64-fedora-clang, r-devel-linux-x86_64-fedora-gcc, r-patched-linux-x86_64, r-release-linux-x86_64