Last updated on 2018-06-20 01:50:24 CEST.
Flavor | Version | Tinstall | Tcheck | Ttotal | Status | Flags |
---|---|---|---|---|---|---|
r-devel-linux-x86_64-debian-clang | 0.3.1 | 6.42 | 148.50 | 154.92 | NOTE | |
r-devel-linux-x86_64-debian-gcc | 0.3.1 | 4.71 | 112.65 | 117.36 | NOTE | |
r-devel-linux-x86_64-fedora-clang | 0.3.1 | 177.95 | NOTE | |||
r-devel-linux-x86_64-fedora-gcc | 0.3.1 | 172.06 | NOTE | |||
r-devel-windows-ix86+x86_64 | 0.3.1 | 16.00 | 221.00 | 237.00 | NOTE | |
r-patched-linux-x86_64 | 0.3.1 | 4.87 | 132.99 | 137.86 | NOTE | |
r-patched-solaris-x86 | 0.3.1 | 218.00 | NOTE | |||
r-release-linux-x86_64 | 0.3.1 | 5.32 | 131.88 | 137.20 | NOTE | |
r-release-windows-ix86+x86_64 | 0.3.1 | 11.00 | 221.00 | 232.00 | NOTE | |
r-release-osx-x86_64 | 0.3.1 | NOTE | ||||
r-oldrel-windows-ix86+x86_64 | 0.3.1 | 11.00 | 152.00 | 163.00 | NOTE | |
r-oldrel-osx-x86_64 | 0.3.1 | NOTE |
Version: 0.3.1
Check: R code for possible problems
Result: NOTE
box_dist: no visible global function definition for ‘quantile’
calc_mean_dist: no visible global function definition for ‘filter’
n: no visible global function definition for ‘resid’
null_dist : <anonymous>: no visible global function definition for
‘coef’
null_lm : <anonymous>: no visible global function definition for
‘predict’
reg_dist: no visible global function definition for ‘coef’
reg_dist: no visible global function definition for ‘lm’
resid_boot: no visible global function definition for ‘resid’
resid_pboot: no visible global function definition for ‘rnorm’
resid_rotate: no visible global function definition for ‘rnorm’
resid_rotate: no visible global function definition for ‘update’
resid_rotate: no visible global function definition for ‘resid’
resid_sigma: no visible global function definition for ‘rnorm’
rorschach: no visible global function definition for ‘rbinom’
rss: no visible global function definition for ‘resid’
sep_dist: no visible global function definition for ‘dist’
sep_dist: no visible global function definition for ‘cutree’
sep_dist: no visible global function definition for ‘hclust’
uni_dist: no visible global function definition for ‘sd’
Undefined global functions or variables:
coef cutree dist filter hclust lm predict quantile rbinom resid rnorm
sd update
Consider adding
importFrom("stats", "coef", "cutree", "dist", "filter", "hclust", "lm",
"predict", "quantile", "rbinom", "resid", "rnorm", "sd",
"update")
to your NAMESPACE file.
Flavors: r-devel-linux-x86_64-debian-clang, r-devel-linux-x86_64-debian-gcc, r-devel-linux-x86_64-fedora-clang, r-devel-linux-x86_64-fedora-gcc, r-devel-windows-ix86+x86_64, r-patched-linux-x86_64, r-patched-solaris-x86, r-release-linux-x86_64, r-release-windows-ix86+x86_64, r-release-osx-x86_64, r-oldrel-windows-ix86+x86_64, r-oldrel-osx-x86_64