CRAN Package Check Results for Package nycflights13

Last updated on 2018-06-20 01:50:24 CEST.

Flavor Version Tinstall Tcheck Ttotal Status Flags
r-devel-linux-x86_64-debian-clang 0.2.2 9.32 28.04 37.36 OK
r-devel-linux-x86_64-debian-gcc 0.2.2 9.44 22.55 31.99 OK
r-devel-linux-x86_64-fedora-clang 0.2.2 48.33 NOTE
r-devel-linux-x86_64-fedora-gcc 0.2.2 45.75 OK
r-devel-windows-ix86+x86_64 0.2.2 17.00 40.00 57.00 NOTE
r-patched-linux-x86_64 0.2.2 9.10 26.08 35.18 OK
r-patched-solaris-x86 0.2.2 74.30 NOTE
r-release-linux-x86_64 0.2.2 10.03 26.49 36.52 OK
r-release-windows-ix86+x86_64 0.2.2 14.00 50.00 64.00 NOTE
r-release-osx-x86_64 0.2.2 NOTE
r-oldrel-windows-ix86+x86_64 0.2.2 17.00 36.00 53.00 NOTE
r-oldrel-osx-x86_64 0.2.2 NOTE

Check Details

Version: 0.2.2
Check: installed package size
Result: NOTE
     installed size is 7.0Mb
     sub-directories of 1Mb or more:
     data 6.9Mb
Flavors: r-devel-linux-x86_64-fedora-clang, r-devel-windows-ix86+x86_64, r-patched-solaris-x86, r-release-windows-ix86+x86_64, r-release-osx-x86_64, r-oldrel-windows-ix86+x86_64, r-oldrel-osx-x86_64