CRAN Package Check Results for Package opencpu

Last updated on 2018-06-20 01:50:24 CEST.

Flavor Version Tinstall Tcheck Ttotal Status Flags
r-devel-linux-x86_64-debian-clang 2.0.5 4.32 44.00 48.32 OK
r-devel-linux-x86_64-debian-gcc 2.0.5 3.45 34.67 38.12 OK
r-devel-linux-x86_64-fedora-clang 2.0.5 56.43 NOTE
r-devel-linux-x86_64-fedora-gcc 2.0.5 53.65 NOTE
r-devel-windows-ix86+x86_64 2.0.5 17.00 75.00 92.00 NOTE
r-patched-linux-x86_64 2.0.5 3.06 40.90 43.96 OK
r-patched-solaris-x86 2.0.5 81.00 NOTE
r-release-linux-x86_64 2.0.5 3.05 40.64 43.69 OK
r-release-windows-ix86+x86_64 2.0.5 9.00 83.00 92.00 NOTE
r-release-osx-x86_64 2.0.5 NOTE
r-oldrel-windows-ix86+x86_64 2.0.5 9.00 54.00 63.00 NOTE
r-oldrel-osx-x86_64 2.0.5 NOTE

Check Details

Version: 2.0.5
Check: data for non-ASCII characters
Result: NOTE
     Note: found 4 marked UTF-8 strings
Flavors: r-devel-linux-x86_64-fedora-clang, r-devel-linux-x86_64-fedora-gcc, r-patched-solaris-x86, r-release-osx-x86_64, r-oldrel-osx-x86_64

Version: 2.0.5
Check: package dependencies
Result: NOTE
    Package suggested but not available for checking: 'unix'
Flavors: r-devel-windows-ix86+x86_64, r-release-windows-ix86+x86_64, r-oldrel-windows-ix86+x86_64