CRAN Package Check Results for Package parsemsf

Last updated on 2018-06-20 01:50:25 CEST.

Flavor Version Tinstall Tcheck Ttotal Status Flags
r-devel-linux-x86_64-debian-clang 0.1.1 2.15 44.41 46.56 OK
r-devel-linux-x86_64-debian-gcc 0.1.1 2.15 35.23 37.38 OK
r-devel-linux-x86_64-fedora-clang 0.1.1 54.94 NOTE
r-devel-linux-x86_64-fedora-gcc 0.1.1 52.71 NOTE
r-devel-windows-ix86+x86_64 0.1.1 9.00 81.00 90.00 OK
r-patched-linux-x86_64 0.1.1 2.07 40.20 42.27 OK
r-patched-solaris-x86 0.1.1 75.10 NOTE
r-release-linux-x86_64 0.1.1 1.58 40.01 41.59 OK
r-release-windows-ix86+x86_64 0.1.1 4.00 89.00 93.00 OK
r-release-osx-x86_64 0.1.1 NOTE
r-oldrel-windows-ix86+x86_64 0.1.1 5.00 57.00 62.00 OK
r-oldrel-osx-x86_64 0.1.1 NOTE

Check Details

Version: 0.1.1
Check: dependencies in R code
Result: NOTE
    Namespace in Imports field not imported from: ‘dbplyr’
     All declared Imports should be used.
Flavors: r-devel-linux-x86_64-fedora-clang, r-devel-linux-x86_64-fedora-gcc, r-patched-solaris-x86, r-release-osx-x86_64, r-oldrel-osx-x86_64