CRAN Package Check Results for Package partitions

Last updated on 2018-06-20 01:50:25 CEST.

Flavor Version Tinstall Tcheck Ttotal Status Flags
r-devel-linux-x86_64-debian-clang 1.9-19 4.32 42.71 47.03 OK
r-devel-linux-x86_64-debian-gcc 1.9-19 3.72 33.52 37.24 OK
r-devel-linux-x86_64-fedora-clang 1.9-19 58.36 OK
r-devel-linux-x86_64-fedora-gcc 1.9-19 55.88 OK
r-devel-windows-ix86+x86_64 1.9-19 16.00 117.00 133.00 OK
r-patched-linux-x86_64 1.9-19 4.92 40.83 45.75 OK
r-patched-solaris-x86 1.9-19 76.00 OK
r-release-linux-x86_64 1.9-19 4.47 40.71 45.18 OK
r-release-windows-ix86+x86_64 1.9-19 12.00 122.00 134.00 OK
r-release-osx-x86_64 1.9-19 OK
r-oldrel-windows-ix86+x86_64 1.9-19 18.00 88.00 106.00 OK
r-oldrel-osx-x86_64 1.9-19 NOTE

Check Details

Version: 1.9-19
Check: re-building of vignette outputs
Result: NOTE
    Error in re-building vignettes:
     ...
    Loading required package: partitions
    Error in texi2dvi(file = file, pdf = TRUE, clean = clean, quiet = quiet, :
     Running 'texi2dvi' on 'partitionspaper.tex' failed.
    LaTeX errors:
    ! LaTeX Error: File `dsfont.sty' not found.
    
    Type X to quit or <RETURN> to proceed,
    or enter new name. (Default extension: sty)
    
    ! Emergency stop.
    <read *>
    
    l.4 \usepackage
     {bbm}^^M
    ! ==> Fatal error occurred, no output PDF file produced!
    Calls: buildVignettes -> texi2pdf -> texi2dvi
    Execution halted
Flavor: r-oldrel-osx-x86_64