CRAN Package Check Results for Package partykit

Last updated on 2018-06-20 01:50:25 CEST.

Flavor Version Tinstall Tcheck Ttotal Status Flags
r-devel-linux-x86_64-debian-clang 1.2-2 10.04 325.14 335.18 OK
r-devel-linux-x86_64-debian-gcc 1.2-2 8.44 246.70 255.14 OK
r-devel-linux-x86_64-fedora-clang 1.2-2 414.47 OK
r-devel-linux-x86_64-fedora-gcc 1.2-2 395.14 OK
r-devel-windows-ix86+x86_64 1.2-2 27.00 609.00 636.00 OK
r-patched-linux-x86_64 1.2-2 10.81 299.08 309.89 OK
r-patched-solaris-x86 1.2-2 521.70 NOTE
r-release-linux-x86_64 1.2-2 9.38 290.18 299.56 OK
r-release-windows-ix86+x86_64 1.2-2 20.00 561.00 581.00 OK
r-release-osx-x86_64 1.2-2 OK
r-oldrel-windows-ix86+x86_64 1.2-2 24.00 527.00 551.00 OK
r-oldrel-osx-x86_64 1.2-1 OK

Check Details

Version: 1.2-2
Check: package dependencies
Result: NOTE
    Package suggested but not available for checking: ‘RWeka’
Flavor: r-patched-solaris-x86

Version: 1.2-2
Check: Rd cross-references
Result: NOTE
    Package unavailable to check Rd xrefs: ‘RWeka’
Flavor: r-patched-solaris-x86