Last updated on 2018-06-20 01:50:25 CEST.
Flavor | Version | Tinstall | Tcheck | Ttotal | Status | Flags |
---|---|---|---|---|---|---|
r-devel-linux-x86_64-debian-clang | 0.4-7 | 7.47 | 147.64 | 155.11 | OK | |
r-devel-linux-x86_64-debian-gcc | 0.4-7 | 5.30 | 114.82 | 120.12 | OK | |
r-devel-linux-x86_64-fedora-clang | 0.4-7 | 184.27 | OK | |||
r-devel-linux-x86_64-fedora-gcc | 0.4-7 | 177.68 | OK | |||
r-devel-windows-ix86+x86_64 | 0.4-7 | 18.00 | 144.00 | 162.00 | OK | |
r-patched-linux-x86_64 | 0.4-7 | 6.06 | 116.57 | 122.63 | OK | |
r-patched-solaris-x86 | 0.4-7 | 201.10 | OK | |||
r-release-linux-x86_64 | 0.4-7 | 5.00 | 102.88 | 107.88 | OK | |
r-release-windows-ix86+x86_64 | 0.4-7 | 11.00 | 172.00 | 183.00 | OK | |
r-release-osx-x86_64 | 0.4-7 | OK | ||||
r-oldrel-windows-ix86+x86_64 | 0.4-7 | 11.00 | 132.00 | 143.00 | OK | |
r-oldrel-osx-x86_64 | 0.4-7 | NOTE |
Version: 0.4-7
Check: re-building of vignette outputs
Result: NOTE
Error in re-building vignettes:
...
Loading required package: pbkrtest
Loading required package: lme4
Loading required package: Matrix
refitting model(s) with ML (instead of REML)
refitting model(s) with ML (instead of REML)
[[ suppressing 10 column names '1', '2', '3' ... ]]
[[ suppressing 10 column names '1', '2', '3' ... ]]
Error in texi2dvi(file = file, pdf = TRUE, clean = clean, quiet = quiet, :
Running 'texi2dvi' on 'pbkrtest-introduction.tex' failed.
LaTeX errors:
! LaTeX Error: File `boxedminipage.sty' not found.
Type X to quit or <RETURN> to proceed,
or enter new name. (Default extension: sty)
! Emergency stop.
<read *>
l.10 \usepackage
[noae]{Sweave}^^M
! ==> Fatal error occurred, no output PDF file produced!
Calls: buildVignettes -> texi2pdf -> texi2dvi
Execution halted
Flavor: r-oldrel-osx-x86_64