CRAN Package Check Results for Package pifpaf

Last updated on 2018-06-20 01:50:26 CEST.

Flavor Version Tinstall Tcheck Ttotal Status Flags
r-devel-linux-x86_64-debian-clang 1.0.1 2.94 198.49 201.43 NOTE
r-devel-linux-x86_64-debian-gcc 1.0.1 3.49 143.38 146.87 NOTE
r-devel-linux-x86_64-fedora-clang 1.0.1 232.72 NOTE
r-devel-linux-x86_64-fedora-gcc 1.0.1 226.08 NOTE
r-devel-windows-ix86+x86_64 1.0.1 10.00 267.00 277.00 OK
r-patched-linux-x86_64 1.0.1 2.52 192.41 194.93 NOTE
r-patched-solaris-x86 1.0.1 268.40 NOTE
r-release-linux-x86_64 1.0.1 4.01 193.31 197.32 NOTE
r-release-windows-ix86+x86_64 1.0.1 7.00 291.00 298.00 OK
r-release-osx-x86_64 1.0.1 NOTE
r-oldrel-windows-ix86+x86_64 1.0.1 7.00 202.00 209.00 OK
r-oldrel-osx-x86_64 1.0.1 NOTE

Check Details

Version: 1.0.1
Check: DESCRIPTION meta-information
Result: NOTE
    Dependence on R version ‘3.4.1’ not with patchlevel 0
Flavors: r-devel-linux-x86_64-debian-clang, r-devel-linux-x86_64-debian-gcc, r-devel-linux-x86_64-fedora-clang, r-devel-linux-x86_64-fedora-gcc, r-patched-linux-x86_64, r-release-linux-x86_64

Version: 1.0.1
Check: dependencies in R code
Result: NOTE
    Namespace in Imports field not imported from: ‘gridExtra’
     All declared Imports should be used.
Flavors: r-devel-linux-x86_64-fedora-clang, r-devel-linux-x86_64-fedora-gcc, r-patched-solaris-x86, r-release-osx-x86_64, r-oldrel-osx-x86_64