CRAN Package Check Results for Package pivottabler

Last updated on 2018-06-20 01:50:26 CEST.

Flavor Version Tinstall Tcheck Ttotal Status Flags
r-devel-linux-x86_64-debian-clang 0.4.0 20.26 265.05 285.31 OK
r-devel-linux-x86_64-debian-gcc 0.4.0 16.69 201.37 218.06 OK
r-devel-linux-x86_64-fedora-clang 0.4.0 454.18 NOTE
r-devel-linux-x86_64-fedora-gcc 0.4.0 353.01 OK
r-devel-windows-ix86+x86_64 0.4.0 44.00 403.00 447.00 NOTE
r-patched-linux-x86_64 0.4.0 24.84 255.64 280.48 OK
r-patched-solaris-x86 0.4.0 222.10 WARN
r-release-linux-x86_64 0.4.0 18.07 255.34 273.41 OK
r-release-windows-ix86+x86_64 0.4.0 28.00 419.00 447.00 NOTE
r-release-osx-x86_64 0.4.0 WARN
r-oldrel-windows-ix86+x86_64 0.4.0 12.00 290.00 302.00 OK
r-oldrel-osx-x86_64 0.4.0 WARN

Check Details

Version: 0.4.0
Check: installed package size
Result: NOTE
     installed size is 5.4Mb
     sub-directories of 1Mb or more:
     data 2.0Mb
     doc 2.4Mb
Flavors: r-devel-linux-x86_64-fedora-clang, r-devel-windows-ix86+x86_64, r-patched-solaris-x86, r-release-windows-ix86+x86_64, r-release-osx-x86_64

Version: 0.4.0
Check: re-building of vignette outputs
Result: WARN
    Error in re-building vignettes:
     ...
    Warning in engine$weave(file, quiet = quiet, encoding = enc) :
     Pandoc (>= 1.12.3) and/or pandoc-citeproc not available. Falling back to R Markdown v1.
    Quitting from lines 65-68 (v01-introduction.Rmd)
    Error: processing vignette 'v01-introduction.Rmd' failed with diagnostics:
    there is no package called 'webshot'
    Execution halted
Flavor: r-patched-solaris-x86

Version: 0.4.0
Check: re-building of vignette outputs
Result: WARN
    Error in re-building vignettes:
     ...
    Warning in engine$weave(file, quiet = quiet, encoding = enc) :
     Pandoc (>= 1.12.3) and/or pandoc-citeproc not available. Falling back to R Markdown v1.
    PhantomJS not found. You can install it with webshot::install_phantomjs(). If it is installed, please make sure the phantomjs executable can be found via the PATH variable.
    Warning in normalizePath(f2) :
     path[1]="./webshota5993e30b266.png": No such file or directory
    Warning in file(con, "rb") :
     cannot open file './webshota5993e30b266.png': No such file or directory
    Quitting from lines 65-68 (v01-introduction.Rmd)
    Error: processing vignette 'v01-introduction.Rmd' failed with diagnostics:
    cannot open the connection
    Execution halted
Flavor: r-release-osx-x86_64

Version: 0.4.0
Check: re-building of vignette outputs
Result: WARN
    Error in re-building vignettes:
     ...
    Warning in engine$weave(file, quiet = quiet, encoding = enc) :
     Pandoc (>= 1.12.3) and/or pandoc-citeproc not available. Falling back to R Markdown v1.
    PhantomJS not found. You can install it with webshot::install_phantomjs(). If it is installed, please make sure the phantomjs executable can be found via the PATH variable.
    Warning in normalizePath(f2) :
     path[1]="./webshotb739448a5672.png": No such file or directory
    Warning in file(con, "rb") :
     cannot open file './webshotb739448a5672.png': No such file or directory
    Quitting from lines 65-68 (v01-introduction.Rmd)
    Error: processing vignette 'v01-introduction.Rmd' failed with diagnostics:
    cannot open the connection
    Execution halted
Flavor: r-oldrel-osx-x86_64