Last updated on 2018-06-20 01:50:26 CEST.
Flavor | Version | Tinstall | Tcheck | Ttotal | Status | Flags |
---|---|---|---|---|---|---|
r-devel-linux-x86_64-debian-clang | 5.0.0 | 3.38 | 37.05 | 40.43 | WARN | |
r-devel-linux-x86_64-debian-gcc | 5.0.0 | 3.40 | 28.32 | 31.72 | OK | |
r-devel-linux-x86_64-fedora-clang | 5.0.0 | 39.44 | WARN | |||
r-devel-linux-x86_64-fedora-gcc | 5.0.0 | 37.27 | OK | |||
r-devel-windows-ix86+x86_64 | 5.0.0 | 16.00 | 49.00 | 65.00 | OK | |
r-patched-linux-x86_64 | 5.0.0 | 4.44 | 29.80 | 34.24 | OK | |
r-patched-solaris-x86 | 5.0.0 | 54.00 | OK | |||
r-release-linux-x86_64 | 5.0.0 | 4.35 | 32.93 | 37.28 | OK | |
r-release-windows-ix86+x86_64 | 5.0.0 | 9.00 | 65.00 | 74.00 | OK | |
r-release-osx-x86_64 | 5.0.0 | WARN | ||||
r-oldrel-windows-ix86+x86_64 | 5.0.0 | 14.00 | 45.00 | 59.00 | OK | |
r-oldrel-osx-x86_64 | 5.0.0 | OK |
Version: 5.0.0
Check: whether package can be installed
Result: WARN
Found the following significant warnings:
./shared.h:67:9: warning: result of comparison of constant 2147483648 with expression of type 'int' is always false [-Wtautological-constant-out-of-range-compare]
Flavors: r-devel-linux-x86_64-debian-clang, r-devel-linux-x86_64-fedora-clang, r-release-osx-x86_64