CRAN Package Check Results for Package prc

Last updated on 2018-06-20 01:50:26 CEST.

Flavor Version Tinstall Tcheck Ttotal Status Flags
r-devel-linux-x86_64-debian-clang 2018.1-31 7.24 40.54 47.78 NOTE
r-devel-linux-x86_64-debian-gcc 2018.1-31 5.99 31.34 37.33 NOTE
r-devel-linux-x86_64-fedora-clang 2018.1-31 57.56 NOTE
r-devel-linux-x86_64-fedora-gcc 2018.1-31 51.68 NOTE --no-tests
r-devel-windows-ix86+x86_64 2018.1-31 25.00 94.00 119.00 NOTE
r-patched-linux-x86_64 2018.1-31 6.81 38.48 45.29 NOTE
r-patched-solaris-x86 2018.1-31 74.50 NOTE
r-release-linux-x86_64 2018.1-31 8.11 38.18 46.29 NOTE
r-release-windows-ix86+x86_64 2018.1-31 13.00 89.00 102.00 NOTE
r-release-osx-x86_64 2018.1-31 NOTE
r-oldrel-windows-ix86+x86_64 2018.1-31 11.00 64.00 75.00 NOTE
r-oldrel-osx-x86_64 2018.1-31 NOTE

Check Details

Version: 2018.1-31
Check: package dependencies
Result: NOTE
    Package suggested but not available for checking: ‘Rmosek’
Flavors: r-devel-linux-x86_64-debian-clang, r-devel-linux-x86_64-debian-gcc, r-devel-linux-x86_64-fedora-clang, r-devel-windows-ix86+x86_64, r-patched-linux-x86_64, r-patched-solaris-x86, r-release-linux-x86_64, r-release-windows-ix86+x86_64, r-release-osx-x86_64, r-oldrel-windows-ix86+x86_64, r-oldrel-osx-x86_64

Version: 2018.1-31
Flags: --no-tests
Check: package dependencies
Result: NOTE
    Package suggested but not available for checking: ‘Rmosek’
Flavor: r-devel-linux-x86_64-fedora-gcc