Last updated on 2018-06-20 01:50:26 CEST.
Flavor | Version | Tinstall | Tcheck | Ttotal | Status | Flags |
---|---|---|---|---|---|---|
r-devel-linux-x86_64-debian-clang | 4.0.1 | 284.39 | 407.35 | 691.74 | NOTE | |
r-devel-linux-x86_64-debian-gcc | 4.0.1 | 241.80 | 308.52 | 550.32 | NOTE | |
r-devel-linux-x86_64-fedora-clang | 4.0.1 | 922.27 | NOTE | |||
r-devel-linux-x86_64-fedora-gcc | 4.0.1 | 874.95 | NOTE | |||
r-devel-windows-ix86+x86_64 | 4.0.1 | 789.00 | 910.00 | 1699.00 | NOTE | |
r-patched-linux-x86_64 | 4.0.1 | 301.69 | 359.95 | 661.64 | NOTE | |
r-patched-solaris-x86 | 4.0.1 | 941.30 | NOTE | |||
r-release-linux-x86_64 | 4.0.1 | 304.06 | 361.91 | 665.97 | NOTE | |
r-release-windows-ix86+x86_64 | 4.0.1 | 594.00 | 865.00 | 1459.00 | NOTE | |
r-release-osx-x86_64 | 4.0.1 | NOTE | ||||
r-oldrel-windows-ix86+x86_64 | 4.0.1 | 623.00 | 589.00 | 1212.00 | NOTE | |
r-oldrel-osx-x86_64 | 4.0.1 | NOTE |
Version: 4.0.1
Check: package dependencies
Result: NOTE
Package suggested but not available for checking: ‘gurobi’
Flavors: r-devel-linux-x86_64-debian-clang, r-devel-linux-x86_64-debian-gcc, r-devel-linux-x86_64-fedora-clang, r-devel-linux-x86_64-fedora-gcc, r-devel-windows-ix86+x86_64, r-patched-linux-x86_64, r-release-linux-x86_64, r-release-windows-ix86+x86_64, r-oldrel-windows-ix86+x86_64
Version: 4.0.1
Check: installed package size
Result: NOTE
installed size is 5.8Mb
sub-directories of 1Mb or more:
doc 1.5Mb
libs 2.5Mb
Flavors: r-devel-windows-ix86+x86_64, r-release-windows-ix86+x86_64, r-oldrel-windows-ix86+x86_64
Version: 4.0.1
Check: package dependencies
Result: NOTE
Packages suggested but not available for checking:
‘gurobi’ ‘lpsymphony’ ‘Rsymphony’
Flavors: r-patched-solaris-x86, r-release-osx-x86_64, r-oldrel-osx-x86_64