Last updated on 2018-06-20 01:50:27 CEST.
Flavor | Version | Tinstall | Tcheck | Ttotal | Status | Flags |
---|---|---|---|---|---|---|
r-devel-linux-x86_64-debian-clang | 0.2.1 | 4.27 | 52.04 | 56.31 | OK | |
r-devel-linux-x86_64-debian-gcc | 0.2.1 | 4.48 | 41.32 | 45.80 | OK | |
r-devel-linux-x86_64-fedora-clang | 0.2.1 | 72.13 | NOTE | |||
r-devel-linux-x86_64-fedora-gcc | 0.2.1 | 64.27 | NOTE | |||
r-devel-windows-ix86+x86_64 | 0.2.1 | 13.00 | 86.00 | 99.00 | OK | |
r-patched-linux-x86_64 | 0.2.1 | 4.08 | 47.67 | 51.75 | OK | |
r-patched-solaris-x86 | 0.2.1 | 111.00 | NOTE | |||
r-release-linux-x86_64 | 0.2.1 | 4.79 | 47.59 | 52.38 | OK | |
r-release-windows-ix86+x86_64 | 0.2.1 | 8.00 | 91.00 | 99.00 | OK | |
r-release-osx-x86_64 | 0.2.1 | NOTE | ||||
r-oldrel-windows-ix86+x86_64 | 0.2.1 | 10.00 | 62.00 | 72.00 | OK | |
r-oldrel-osx-x86_64 | 0.2.1 | NOTE |
Version: 0.2.1
Check: data for non-ASCII characters
Result: NOTE
Note: found 20105 marked UTF-8 strings
Flavors: r-devel-linux-x86_64-fedora-clang, r-devel-linux-x86_64-fedora-gcc, r-patched-solaris-x86, r-release-osx-x86_64, r-oldrel-osx-x86_64