CRAN Package Check Results for Package psgp

Last updated on 2018-06-20 01:50:27 CEST.

Flavor Version Tinstall Tcheck Ttotal Status Flags
r-devel-linux-x86_64-debian-clang 0.3-18 200.68 91.85 292.53 OK
r-devel-linux-x86_64-debian-gcc 0.3-18 171.27 75.06 246.33 OK
r-devel-linux-x86_64-fedora-clang 0.3-18 409.85 NOTE
r-devel-linux-x86_64-fedora-gcc 0.3-18 354.89 OK
r-devel-windows-ix86+x86_64 0.3-18 501.00 152.00 653.00 OK
r-patched-linux-x86_64 0.3-18 217.11 81.62 298.73 OK
r-patched-solaris-x86 0.3-18 357.80 OK
r-release-linux-x86_64 0.3-18 211.70 80.51 292.21 OK
r-release-windows-ix86+x86_64 0.3-18 352.00 178.00 530.00 OK
r-release-osx-x86_64 0.3-18 NOTE
r-oldrel-windows-ix86+x86_64 0.3-18 425.00 158.00 583.00 OK
r-oldrel-osx-x86_64 0.3-18 NOTE

Check Details

Version: 0.3-18
Check: installed package size
Result: NOTE
     installed size is 6.8Mb
     sub-directories of 1Mb or more:
     libs 6.6Mb
Flavors: r-devel-linux-x86_64-fedora-clang, r-release-osx-x86_64, r-oldrel-osx-x86_64