Last updated on 2018-06-20 01:50:27 CEST.
Flavor | Version | Tinstall | Tcheck | Ttotal | Status | Flags |
---|---|---|---|---|---|---|
r-devel-linux-x86_64-debian-clang | 0.1.7 | 7.05 | 105.56 | 112.61 | OK | |
r-devel-linux-x86_64-debian-gcc | 0.1.7 | 5.11 | 80.72 | 85.83 | OK | |
r-devel-linux-x86_64-fedora-clang | 0.1.7 | 133.09 | NOTE | |||
r-devel-linux-x86_64-fedora-gcc | 0.1.7 | 125.36 | NOTE | |||
r-devel-windows-ix86+x86_64 | 0.1.7 | 19.00 | 154.00 | 173.00 | OK | |
r-patched-linux-x86_64 | 0.1.7 | 4.91 | 96.13 | 101.04 | OK | |
r-patched-solaris-x86 | 0.1.7 | 167.70 | NOTE | |||
r-release-linux-x86_64 | 0.1.7 | 4.99 | 94.11 | 99.10 | OK | |
r-release-windows-ix86+x86_64 | 0.1.7 | 12.00 | 150.00 | 162.00 | OK | |
r-release-osx-x86_64 | 0.1.7 | NOTE | ||||
r-oldrel-windows-ix86+x86_64 | 0.1.7 | 12.00 | 116.00 | 128.00 | OK | |
r-oldrel-osx-x86_64 | 0.1.7 | NOTE |
Version: 0.1.7
Check: dependencies in R code
Result: NOTE
Namespaces in Imports field not imported from:
‘bookdown’ ‘descr’ ‘gee’ ‘lme4’ ‘nlme’ ‘nnet’ ‘ordinal’ ‘pander’
‘papeR’ ‘rmdformats’ ‘visreg’
All declared Imports should be used.
Flavors: r-devel-linux-x86_64-fedora-clang, r-devel-linux-x86_64-fedora-gcc, r-patched-solaris-x86, r-release-osx-x86_64, r-oldrel-osx-x86_64