Last updated on 2018-06-20 01:50:27 CEST.
Flavor | Version | Tinstall | Tcheck | Ttotal | Status | Flags |
---|---|---|---|---|---|---|
r-devel-linux-x86_64-debian-clang | 1.0 | 0.82 | 19.97 | 20.79 | NOTE | |
r-devel-linux-x86_64-debian-gcc | 1.0 | 0.80 | 15.74 | 16.54 | NOTE | |
r-devel-linux-x86_64-fedora-clang | 1.0 | 24.94 | NOTE | |||
r-devel-linux-x86_64-fedora-gcc | 1.0 | 22.88 | NOTE | |||
r-devel-windows-ix86+x86_64 | 1.0 | 4.00 | 32.00 | 36.00 | NOTE | |
r-patched-linux-x86_64 | 1.0 | 0.84 | 18.69 | 19.53 | NOTE | |
r-patched-solaris-x86 | 1.0 | 37.00 | NOTE | |||
r-release-linux-x86_64 | 1.0 | 1.00 | 18.55 | 19.55 | NOTE | |
r-release-windows-ix86+x86_64 | 1.0 | 3.00 | 40.00 | 43.00 | NOTE | |
r-release-osx-x86_64 | 1.0 | NOTE | ||||
r-oldrel-windows-ix86+x86_64 | 1.0 | 4.00 | 29.00 | 33.00 | NOTE | |
r-oldrel-osx-x86_64 | 1.0 | NOTE |
Version: 1.0
Check: R code for possible problems
Result: NOTE
dmm_fn: no visible global function definition for ‘dnorm’
dmm_noweights_fn: no visible global function definition for ‘dnorm’
Undefined global functions or variables:
dnorm
Consider adding
importFrom("stats", "dnorm")
to your NAMESPACE file.
Flavors: r-devel-linux-x86_64-debian-clang, r-devel-linux-x86_64-debian-gcc, r-devel-linux-x86_64-fedora-clang, r-devel-linux-x86_64-fedora-gcc, r-devel-windows-ix86+x86_64, r-patched-linux-x86_64, r-patched-solaris-x86, r-release-linux-x86_64, r-release-windows-ix86+x86_64, r-release-osx-x86_64, r-oldrel-windows-ix86+x86_64, r-oldrel-osx-x86_64